CRAN Package Check Results for Package philentropy

Last updated on 2024-06-13 02:59:09 CEST.

Flavor Version Tinstall Tcheck Ttotal Status Flags
r-devel-linux-x86_64-debian-clang 0.8.0 29.32 65.89 95.21 NOTE
r-devel-linux-x86_64-debian-gcc 0.8.0 23.87 45.50 69.37 ERROR
r-devel-linux-x86_64-fedora-clang 0.8.0 126.76 NOTE
r-devel-linux-x86_64-fedora-gcc 0.8.0 144.42 NOTE
r-devel-windows-x86_64 0.8.0 26.00 95.00 121.00 NOTE
r-patched-linux-x86_64 0.8.0 29.07 61.66 90.73 NOTE
r-release-linux-x86_64 0.8.0 29.72 61.19 90.91 NOTE
r-release-macos-arm64 0.8.0 44.00 OK
r-release-macos-x86_64 0.8.0 74.00 OK
r-release-windows-x86_64 0.8.0 26.00 99.00 125.00 NOTE
r-oldrel-macos-arm64 0.8.0 47.00 OK
r-oldrel-macos-x86_64 0.8.0 122.00 OK
r-oldrel-windows-x86_64 0.8.0 31.00 110.00 141.00 OK

Check Details

Version: 0.8.0
Check: HTML version of manual
Result: NOTE Found the following HTML validation problems: estimate.probability.html:33:1 (estimate.probability.Rd:25): Warning: trimming empty <li> estimate.probability.html:35:1 (estimate.probability.Rd:26): Warning: trimming empty <li> Flavors: r-devel-linux-x86_64-debian-clang, r-devel-linux-x86_64-debian-gcc, r-devel-linux-x86_64-fedora-clang, r-devel-linux-x86_64-fedora-gcc, r-devel-windows-x86_64, r-patched-linux-x86_64, r-release-linux-x86_64, r-release-windows-x86_64

Version: 0.8.0
Check: package dependencies
Result: NOTE Package suggested but not available for checking: ‘testthat’ Flavor: r-devel-linux-x86_64-debian-gcc

Version: 0.8.0
Check: tests
Result: ERROR Running ‘testthat.R’ [0s/1s] Running the tests in ‘tests/testthat.R’ failed. Complete output: > library(testthat) Error in library(testthat) : there is no package called 'testthat' Execution halted Flavor: r-devel-linux-x86_64-debian-gcc