CRAN Package Check Results for Package photobiology

Last updated on 2020-05-29 17:49:13 CEST.

Flavor Version Tinstall Tcheck Ttotal Status Flags
r-devel-linux-x86_64-debian-clang 0.10.2 21.34 168.38 189.72 WARN
r-devel-linux-x86_64-debian-gcc 0.10.2 18.41 125.80 144.21 WARN
r-devel-linux-x86_64-fedora-clang 0.10.2 229.48 WARN
r-devel-linux-x86_64-fedora-gcc 0.10.2 227.85 WARN
r-devel-windows-ix86+x86_64 0.10.2 44.00 241.00 285.00 WARN
r-patched-linux-x86_64 0.10.2 19.88 167.39 187.27 OK
r-patched-solaris-x86 0.10.2 260.60 OK
r-release-linux-x86_64 0.10.2 21.06 166.68 187.74 OK
r-release-osx-x86_64 0.10.2 OK
r-release-windows-ix86+x86_64 0.10.2 36.00 301.00 337.00 OK
r-oldrel-osx-x86_64 0.10.2 OK
r-oldrel-windows-ix86+x86_64 0.10.2 34.00 189.00 223.00 OK

Check Details

Version: 0.10.2
Check: whether package can be installed
Result: WARN
    Found the following significant warnings:
     Warning: S4 exports specified in 'NAMESPACE' but not defined in package 'photobiology'
Flavors: r-devel-linux-x86_64-debian-clang, r-devel-windows-ix86+x86_64

Version: 0.10.2
Check: whether the namespace can be loaded with stated dependencies
Result: NOTE
    Warning: S4 exports specified in 'NAMESPACE' but not defined in package 'photobiology'
    
    A namespace must be able to be loaded with just the base namespace
    loaded: otherwise if the namespace gets loaded by a saved object, the
    session will be unable to start.
    
    Probably some imports need to be declared in the NAMESPACE file.
Flavors: r-devel-linux-x86_64-debian-clang, r-devel-windows-ix86+x86_64

Version: 0.10.2
Check: whether the namespace can be loaded with stated dependencies
Result: WARN
    Warning: S4 exports specified in 'NAMESPACE' but not defined in package ‘photobiology’
Flavors: r-devel-linux-x86_64-debian-gcc, r-devel-linux-x86_64-fedora-clang, r-devel-linux-x86_64-fedora-gcc