CRAN Package Check Results for Package photobiology

Last updated on 2025-01-22 07:50:33 CET.

Flavor Version Tinstall Tcheck Ttotal Status Flags
r-devel-linux-x86_64-debian-clang 0.11.4 23.84 208.79 232.63 OK
r-devel-linux-x86_64-debian-gcc 0.11.4 16.70 141.03 157.73 OK
r-devel-linux-x86_64-fedora-clang 0.11.4 380.69 OK
r-devel-linux-x86_64-fedora-gcc 0.11.4 361.10 OK
r-devel-windows-x86_64 0.11.4 28.00 290.00 318.00 OK
r-patched-linux-x86_64 0.11.4 35.32 193.00 228.32 OK
r-release-linux-x86_64 0.11.4 23.03 194.21 217.24 OK
r-release-macos-arm64 0.11.4 105.00 NOTE
r-release-macos-x86_64 0.11.4 201.00 OK
r-release-windows-x86_64 0.11.4 30.00 270.00 300.00 OK
r-oldrel-macos-arm64 0.11.4 101.00 OK
r-oldrel-macos-x86_64 0.11.4 188.00 OK
r-oldrel-windows-x86_64 0.11.4 39.00 334.00 373.00 OK

Check Details

Version: 0.11.4
Check: installed package size
Result: NOTE installed size is 5.0Mb sub-directories of 1Mb or more: R 2.1Mb help 1.2Mb Flavor: r-release-macos-arm64