Last updated on 2022-07-03 04:49:08 CEST.
Flavor | Version | Tinstall | Tcheck | Ttotal | Status | Flags |
---|---|---|---|---|---|---|
r-devel-linux-x86_64-debian-clang | 0.5.0 | 5.23 | 51.26 | 56.49 | OK | |
r-devel-linux-x86_64-debian-gcc | 0.5.0 | 3.66 | 39.08 | 42.74 | OK | |
r-devel-linux-x86_64-fedora-clang | 0.5.0 | 76.45 | NOTE | |||
r-devel-linux-x86_64-fedora-gcc | 0.5.0 | 75.77 | OK | |||
r-devel-windows-x86_64 | 0.5.0 | 52.00 | 81.00 | 133.00 | OK | |
r-patched-linux-x86_64 | 0.5.0 | 5.00 | 48.35 | 53.35 | OK | |
r-release-linux-x86_64 | 0.5.0 | 3.62 | 48.82 | 52.44 | OK | |
r-release-macos-arm64 | 0.5.0 | 30.00 | OK | |||
r-release-macos-x86_64 | 0.5.0 | 39.00 | OK | |||
r-release-windows-x86_64 | 0.5.0 | 46.00 | 81.00 | 127.00 | OK | |
r-oldrel-macos-arm64 | 0.5.0 | 28.00 | OK | |||
r-oldrel-macos-x86_64 | 0.5.0 | 48.00 | OK | |||
r-oldrel-windows-ix86+x86_64 | 0.5.0 | 11.00 | 71.00 | 82.00 | OK |
Version: 0.5.0
Check: Rd cross-references
Result: NOTE
Undeclared package ‘photobiologyLamps’ in Rd xrefs
Flavor: r-devel-linux-x86_64-fedora-clang