CRAN Package Check Results for Package photosynthesis

Last updated on 2020-02-27 17:51:03 CET.

Flavor Version Tinstall Tcheck Ttotal Status Flags
r-devel-linux-x86_64-debian-clang 1.0.0 3.96 123.73 127.69 NOTE
r-devel-linux-x86_64-debian-gcc 1.0.0 4.02 91.78 95.80 NOTE
r-devel-linux-x86_64-fedora-clang 1.0.0 142.53 NOTE
r-devel-linux-x86_64-fedora-gcc 1.0.0 141.92 NOTE
r-devel-windows-ix86+x86_64 1.0.0 11.00 116.00 127.00 NOTE
r-devel-windows-ix86+x86_64-gcc8 1.0.0 13.00 122.00 135.00 NOTE
r-patched-linux-x86_64 1.0.0 3.75 109.38 113.13 OK
r-patched-solaris-x86 1.0.0 195.90 NOTE
r-release-linux-x86_64 1.0.0 4.23 109.96 114.19 OK
r-release-windows-ix86+x86_64 1.0.0 9.00 107.00 116.00 OK
r-release-osx-x86_64 1.0.0 NOTE
r-oldrel-windows-ix86+x86_64 1.0.0 5.00 129.00 134.00 OK
r-oldrel-osx-x86_64 1.0.0 NOTE

Check Details

Version: 1.0.0
Check: package vignettes
Result: NOTE
    Package vignette with placeholder title 'Vignette Title':
     'photosynthesis-introduction.Rmd'
Flavors: r-devel-linux-x86_64-debian-clang, r-devel-linux-x86_64-debian-gcc, r-devel-windows-ix86+x86_64, r-devel-windows-ix86+x86_64-gcc8

Version: 1.0.0
Check: dependencies in R code
Result: NOTE
    Namespace in Imports field not imported from: ‘tidyr’
     All declared Imports should be used.
Flavors: r-devel-linux-x86_64-fedora-clang, r-devel-linux-x86_64-fedora-gcc, r-patched-solaris-x86, r-release-osx-x86_64, r-oldrel-osx-x86_64