CRAN Package Check Results for Package photosynthesis

Last updated on 2019-09-19 08:51:02 CEST.

Flavor Version Tinstall Tcheck Ttotal Status Flags
r-devel-linux-x86_64-debian-clang 1.0.0 3.80 110.07 113.87 NOTE
r-devel-linux-x86_64-debian-gcc 1.0.0 3.51 82.93 86.44 NOTE
r-devel-linux-x86_64-fedora-clang 1.0.0 131.02 NOTE
r-devel-linux-x86_64-fedora-gcc 1.0.0 132.99 NOTE
r-devel-windows-ix86+x86_64 1.0.0 17.00 110.00 127.00 NOTE
r-patched-linux-x86_64 1.0.0 4.15 107.11 111.26 OK
r-patched-solaris-x86 1.0.0 186.90 NOTE
r-release-linux-x86_64 1.0.0 4.42 109.21 113.63 OK
r-release-windows-ix86+x86_64 1.0.0 10.00 147.00 157.00 OK
r-release-osx-x86_64 1.0.0 NOTE
r-oldrel-windows-ix86+x86_64 1.0.0 4.00 110.00 114.00 OK
r-oldrel-osx-x86_64 1.0.0 NOTE

Check Details

Version: 1.0.0
Check: package vignettes
Result: NOTE
    Package vignette with placeholder title 'Vignette Title':
     'photosynthesis-introduction.Rmd'
Flavors: r-devel-linux-x86_64-debian-clang, r-devel-linux-x86_64-debian-gcc, r-devel-windows-ix86+x86_64

Version: 1.0.0
Check: dependencies in R code
Result: NOTE
    Namespace in Imports field not imported from: ‘tidyr’
     All declared Imports should be used.
Flavors: r-devel-linux-x86_64-fedora-clang, r-devel-linux-x86_64-fedora-gcc, r-patched-solaris-x86, r-release-osx-x86_64, r-oldrel-osx-x86_64