CRAN Package Check Results for Package photosynthesis

Last updated on 2024-02-24 06:50:45 CET.

Flavor Version Tinstall Tcheck Ttotal Status Flags
r-devel-linux-x86_64-debian-clang 2.1.4 12.92 282.18 295.10 OK
r-devel-linux-x86_64-debian-gcc 2.1.4 9.60 204.07 213.67 OK
r-devel-linux-x86_64-fedora-clang 2.1.4 379.72 NOTE
r-devel-linux-x86_64-fedora-gcc 2.1.4 394.03 NOTE
r-devel-windows-x86_64 2.1.4 12.00 216.00 228.00 NOTE
r-patched-linux-x86_64 2.1.4 9.49 274.63 284.12 OK
r-release-linux-x86_64 2.1.4 7.83 272.06 279.89 OK
r-release-macos-arm64 2.1.4 114.00 NOTE
r-release-macos-x86_64 2.1.4 226.00 NOTE
r-release-windows-x86_64 2.1.4 15.00 274.00 289.00 NOTE
r-oldrel-macos-arm64 2.1.4 90.00 NOTE
r-oldrel-windows-x86_64 2.1.4 16.00 271.00 287.00 NOTE

Check Details

Version: 2.1.4
Check: installed package size
Result: NOTE installed size is 7.3Mb sub-directories of 1Mb or more: doc 6.1Mb Flavors: r-devel-linux-x86_64-fedora-clang, r-devel-windows-x86_64, r-release-macos-arm64, r-release-macos-x86_64, r-release-windows-x86_64, r-oldrel-macos-arm64, r-oldrel-windows-x86_64

Version: 2.1.4
Check: data for non-ASCII characters
Result: NOTE Note: found 13 marked UTF-8 strings Flavors: r-devel-linux-x86_64-fedora-clang, r-devel-linux-x86_64-fedora-gcc