CRAN Package Check Results for Package phybreak

Last updated on 2019-02-21 07:48:46 CET.

Flavor Version Tinstall Tcheck Ttotal Status Flags
r-devel-linux-x86_64-debian-clang 0.2.0 76.45 132.25 208.70 NOTE
r-devel-linux-x86_64-debian-gcc 0.2.0 60.11 105.61 165.72 NOTE
r-devel-linux-x86_64-fedora-clang 0.2.0 337.45 NOTE
r-devel-linux-x86_64-fedora-gcc 0.2.0 311.72 NOTE
r-devel-windows-ix86+x86_64 0.2.0 196.00 262.00 458.00 OK
r-patched-linux-x86_64 0.2.0 NOTE
r-patched-solaris-x86 0.2.0 1629.60 NOTE
r-release-linux-x86_64 0.2.0 NOTE
r-release-windows-ix86+x86_64 0.2.0 139.00 246.00 385.00 OK
r-release-osx-x86_64 0.2.0 OK
r-oldrel-windows-ix86+x86_64 0.2.0 154.00 247.00 401.00 OK
r-oldrel-osx-x86_64 0.2.0 OK

Check Details

Version: 0.2.0
Check: package dependencies
Result: NOTE
    Package suggested but not available for checking: ‘OutbreakTools’
Flavors: r-devel-linux-x86_64-debian-clang, r-devel-linux-x86_64-debian-gcc, r-devel-linux-x86_64-fedora-clang, r-devel-linux-x86_64-fedora-gcc, r-patched-linux-x86_64, r-patched-solaris-x86, r-release-linux-x86_64