CRAN Package Check Results for Package phyloTop

Last updated on 2018-02-22 20:46:44 CET.

Flavor Version Tinstall Tcheck Ttotal Status Flags
r-devel-linux-x86_64-debian-clang 2.1.0 10.37 96.48 106.85 OK
r-devel-linux-x86_64-debian-gcc 2.1.1 6.89 84.42 91.31 OK
r-devel-linux-x86_64-fedora-clang 2.1.1 77.98 OK
r-devel-linux-x86_64-fedora-gcc 2.1.1 75.25 OK
r-devel-windows-ix86+x86_64 2.1.1 25.00 167.00 192.00 OK
r-patched-linux-x86_64 2.1.1 8.77 111.95 120.72 OK
r-patched-solaris-x86 2.1.1 191.00 OK
r-release-linux-x86_64 2.1.0 8.53 115.92 124.45 OK
r-release-windows-ix86+x86_64 2.1.1 17.00 4.00 21.00 ERROR
r-release-osx-x86_64 2.1.1 OK
r-oldrel-windows-ix86+x86_64 2.1.0 17.00 115.00 132.00 OK
r-oldrel-osx-x86_64 2.1.0 OK

Check Details

Version: 2.1.1
Check: whether package can be installed
Result: ERROR
    Installation failed.
Flavor: r-release-windows-ix86+x86_64