CRAN Package Check Results for Package phylolm

Last updated on 2022-12-01 17:50:15 CET.

Flavor Version Tinstall Tcheck Ttotal Status Flags
r-devel-linux-x86_64-debian-clang 2.6.2 11.35 73.27 84.62 OK
r-devel-linux-x86_64-debian-gcc 2.6.2 7.10 54.96 62.06 OK
r-devel-linux-x86_64-fedora-clang 2.6.2 110.98 NOTE
r-devel-linux-x86_64-fedora-gcc 2.6.2 106.77 OK
r-devel-windows-x86_64 2.6.2 27.00 108.00 135.00 OK
r-patched-linux-x86_64 2.6.2 11.39 68.36 79.75 OK
r-release-linux-x86_64 2.6.2 7.93 67.82 75.75 OK
r-release-macos-arm64 2.6.2 32.00 OK
r-release-macos-x86_64 2.6.2 46.00 OK
r-release-windows-x86_64 2.6.2 34.00 111.00 145.00 OK
r-oldrel-macos-arm64 2.6.2 40.00 OK
r-oldrel-macos-x86_64 2.6.2 60.00 OK
r-oldrel-windows-ix86+x86_64 2.6.2 23.00 119.00 142.00 OK

Check Details

Version: 2.6.2
Check: Rd cross-references
Result: NOTE
    Undeclared packages ‘future’, ‘geiger’, ‘caper’ in Rd xrefs
Flavor: r-devel-linux-x86_64-fedora-clang