Last updated on 2023-03-20 09:49:36 CET.
Flavor | Version | Tinstall | Tcheck | Ttotal | Status | Flags |
---|---|---|---|---|---|---|
r-devel-linux-x86_64-debian-clang | 2.6.2 | NOTE | ||||
r-devel-linux-x86_64-debian-gcc | 2.6.2 | 7.18 | 54.61 | 61.79 | NOTE | |
r-devel-linux-x86_64-fedora-clang | 2.6.2 | 99.64 | NOTE | |||
r-devel-linux-x86_64-fedora-gcc | 2.6.2 | 96.50 | NOTE | |||
r-patched-linux-x86_64 | 2.6.2 | 9.34 | 68.68 | 78.02 | OK | |
r-release-linux-x86_64 | 2.6.2 | 10.04 | 69.17 | 79.21 | OK | |
r-release-macos-arm64 | 2.6.2 | 32.00 | OK | |||
r-release-macos-x86_64 | 2.6.2 | 46.00 | OK | |||
r-release-windows-x86_64 | 2.6.2 | 27.00 | 106.00 | 133.00 | OK | |
r-oldrel-macos-arm64 | 2.6.2 | 40.00 | OK | |||
r-oldrel-macos-x86_64 | 2.6.2 | 60.00 | OK | |||
r-oldrel-windows-ix86+x86_64 | 2.6.2 | 22.00 | 124.00 | 146.00 | OK |
Version: 2.6.2
Check: C++ specification
Result: NOTE
Specified C++11: please drop specification unless essential
Flavors: r-devel-linux-x86_64-debian-clang, r-devel-linux-x86_64-debian-gcc, r-devel-linux-x86_64-fedora-clang, r-devel-linux-x86_64-fedora-gcc
Version: 2.6.2
Check: Rd cross-references
Result: NOTE
Undeclared packages ‘future’, ‘geiger’, ‘caper’ in Rd xrefs
Flavor: r-devel-linux-x86_64-fedora-clang