CRAN Package Check Results for Package phylopath

Last updated on 2018-05-23 09:47:23 CEST.

Flavor Version Tinstall Tcheck Ttotal Status Flags
r-devel-linux-x86_64-debian-clang 1.0.0 3.43 75.97 79.40 OK
r-devel-linux-x86_64-debian-gcc 1.0.0 0.35 1.50 1.85 ERROR
r-devel-linux-x86_64-fedora-clang 1.0.0 97.04 OK
r-devel-linux-x86_64-fedora-gcc 1.0.0 93.75 OK
r-devel-windows-ix86+x86_64 1.0.0 10.00 125.00 135.00 OK
r-patched-linux-x86_64 1.0.0 4.52 72.92 77.44 OK
r-patched-solaris-x86 1.0.0 132.40 OK
r-release-linux-x86_64 1.0.0 3.24 71.95 75.19 OK
r-release-windows-ix86+x86_64 1.0.0 18.00 115.00 133.00 OK
r-release-osx-x86_64 1.0.0 OK
r-oldrel-windows-ix86+x86_64 1.0.0 12.00 134.00 146.00 OK
r-oldrel-osx-x86_64 1.0.0 OK

Check Details

Version: 1.0.0
Check: package dependencies
Result: ERROR
    Packages required but not available:
     ‘dplyr’ ‘ggplot2’ ‘ggraph’ ‘purrr’ ‘tibble’ ‘tidyr’
    
    See section ‘The DESCRIPTION file’ in the ‘Writing R Extensions’
    manual.
Flavor: r-devel-linux-x86_64-debian-gcc