CRAN Package Check Results for Package phylosignal

Last updated on 2018-05-23 16:48:18 CEST.

Flavor Version Tinstall Tcheck Ttotal Status Flags
r-devel-linux-x86_64-debian-clang 1.2 36.46 280.64 317.10 OK
r-devel-linux-x86_64-debian-gcc 1.2 0.30 1.44 1.74 ERROR
r-devel-linux-x86_64-fedora-clang 1.2 380.93 OK
r-devel-linux-x86_64-fedora-gcc 1.2 375.85 OK
r-devel-windows-ix86+x86_64 1.2 60.00 465.00 525.00 OK
r-patched-linux-x86_64 1.2 38.21 252.12 290.33 OK
r-patched-solaris-x86 1.2 458.70 OK
r-release-linux-x86_64 1.2 33.85 253.63 287.48 OK
r-release-windows-ix86+x86_64 1.2 96.00 421.00 517.00 OK
r-release-osx-x86_64 1.2 OK
r-oldrel-windows-ix86+x86_64 1.2 88.00 419.00 507.00 OK
r-oldrel-osx-x86_64 1.2 OK

Check Details

Version: 1.2
Check: package dependencies
Result: ERROR
    Packages required but not available: ‘adephylo’ ‘phylobase’
    
    See section ‘The DESCRIPTION file’ in the ‘Writing R Extensions’
    manual.
Flavor: r-devel-linux-x86_64-debian-gcc