CRAN Package Check Results for Package phyr

Last updated on 2024-06-13 01:58:00 CEST.

Flavor Version Tinstall Tcheck Ttotal Status Flags
r-devel-linux-x86_64-debian-clang 1.1.0 165.52 193.71 359.23 NOTE
r-devel-linux-x86_64-debian-gcc 1.1.0 0.59 1.70 2.29 ERROR
r-devel-linux-x86_64-fedora-clang 1.1.0 771.84 OK
r-devel-linux-x86_64-fedora-gcc 1.1.0 838.09 OK
r-devel-windows-x86_64 1.1.0 164.00 503.00 667.00 OK
r-patched-linux-x86_64 1.1.0 124.01 183.40 307.41 NOTE
r-release-linux-x86_64 1.1.0 133.53 183.52 317.05 NOTE
r-release-macos-arm64 1.1.0 109.00 NOTE
r-release-macos-x86_64 1.1.0 130.00 NOTE
r-release-windows-x86_64 1.1.0 163.00 498.00 661.00 OK
r-oldrel-macos-arm64 1.1.0 120.00 NOTE
r-oldrel-macos-x86_64 1.1.0 207.00 NOTE
r-oldrel-windows-x86_64 1.1.0 162.00 142.00 304.00 NOTE

Check Details

Version: 1.1.0
Check: package dependencies
Result: NOTE Package suggested but not available for checking: ‘INLA’ Flavors: r-devel-linux-x86_64-debian-clang, r-patched-linux-x86_64, r-release-linux-x86_64, r-release-macos-arm64, r-release-macos-x86_64, r-oldrel-macos-arm64, r-oldrel-windows-x86_64

Version: 1.1.0
Check: package dependencies
Result: ERROR Packages required but not available: 'dplyr', 'lme4', 'nloptr', 'tidyr' Packages suggested but not available for checking: 'testthat', 'pez', 'INLA', 'logistf', 'ggplot2', 'ggridges', 'DHARMa', 'rr2' See section ‘The DESCRIPTION file’ in the ‘Writing R Extensions’ manual. Flavor: r-devel-linux-x86_64-debian-gcc

Version: 1.1.0
Check: installed package size
Result: NOTE installed size is 12.1Mb sub-directories of 1Mb or more: doc 2.0Mb libs 9.6Mb Flavors: r-release-macos-arm64, r-release-macos-x86_64, r-oldrel-macos-arm64, r-oldrel-macos-x86_64

Version: 1.1.0
Check: package dependencies
Result: NOTE Packages suggested but not available for checking: 'INLA', 'DHARMa', 'rr2' Flavor: r-oldrel-macos-x86_64