Last updated on 2021-02-26 06:48:16 CET.
Flavor | Version | Tinstall | Tcheck | Ttotal | Status | Flags |
---|---|---|---|---|---|---|
r-devel-linux-x86_64-debian-clang | 1.8.2 | 13.03 | 103.48 | 116.51 | OK | |
r-devel-linux-x86_64-debian-gcc | 1.8.2 | 10.30 | 79.44 | 89.74 | OK | |
r-devel-linux-x86_64-fedora-clang | 1.8.2 | 157.75 | OK | |||
r-devel-linux-x86_64-fedora-gcc | 1.8.2 | 144.00 | OK | |||
r-devel-windows-ix86+x86_64 | 1.8.2 | 19.00 | 132.00 | 151.00 | OK | |
r-patched-linux-x86_64 | 1.8.2 | 12.78 | 96.86 | 109.64 | OK | |
r-patched-solaris-x86 | 1.8.2 | 191.40 | OK | |||
r-release-linux-x86_64 | 1.8.2 | 12.82 | 95.44 | 108.26 | OK | |
r-release-macos-x86_64 | 1.8.2 | OK | ||||
r-release-windows-ix86+x86_64 | 1.8.2 | 35.00 | 14.00 | 49.00 | ERROR | |
r-oldrel-macos-x86_64 | 1.8.2 | OK | ||||
r-oldrel-windows-ix86+x86_64 | 1.8.2 | 18.00 | 156.00 | 174.00 | OK |
Version: 1.8.2
Check: whether package can be installed
Result: ERROR
Installation failed.
Flavor: r-release-windows-ix86+x86_64