CRAN Package Check Results for Package picasso

Last updated on 2023-12-01 12:52:29 CET.

Flavor Version Tinstall Tcheck Ttotal Status Flags
r-devel-linux-x86_64-debian-clang 1.3.1 14.42 79.71 94.13 NOTE
r-devel-linux-x86_64-debian-gcc 1.3.1 14.67 61.72 76.39 NOTE
r-devel-linux-x86_64-fedora-clang 1.3.1 124.96 NOTE
r-devel-linux-x86_64-fedora-gcc 1.3.1 135.09 NOTE
r-devel-windows-x86_64 1.3.1 19.00 95.00 114.00 NOTE
r-patched-linux-x86_64 1.3.1 22.02 78.54 100.56 NOTE
r-release-linux-x86_64 1.3.1 21.19 78.76 99.95 NOTE
r-release-macos-arm64 1.3.1 47.00 NOTE
r-release-macos-x86_64 1.3.1 79.00 NOTE
r-release-windows-x86_64 1.3.1 22.00 110.00 132.00 NOTE
r-oldrel-macos-arm64 1.3.1 46.00 NOTE
r-oldrel-macos-x86_64 1.3.1 60.00 NOTE
r-oldrel-windows-x86_64 1.3.1 21.00 102.00 123.00 OK

Check Details

Version: 1.3.1
Check: C++ specification
Result: NOTE Specified C++11: please drop specification unless essential Flavors: r-devel-linux-x86_64-debian-clang, r-devel-linux-x86_64-debian-gcc, r-devel-linux-x86_64-fedora-clang, r-devel-linux-x86_64-fedora-gcc, r-devel-windows-x86_64, r-patched-linux-x86_64, r-release-linux-x86_64, r-release-macos-arm64, r-release-macos-x86_64, r-release-windows-x86_64

Version: 1.3.1
Check: installed package size
Result: NOTE installed size is 6.0Mb sub-directories of 1Mb or more: libs 5.0Mb Flavors: r-release-macos-arm64, r-release-macos-x86_64, r-oldrel-macos-arm64, r-oldrel-macos-x86_64