CRAN Package Check Results for Package picasso

Last updated on 2019-09-20 05:47:01 CEST.

Flavor Version Tinstall Tcheck Ttotal Status Flags
r-devel-linux-x86_64-debian-clang 1.3.1 17.74 62.30 80.04 OK
r-devel-linux-x86_64-debian-gcc 1.3.1 14.19 50.98 65.17 OK
r-devel-linux-x86_64-fedora-clang 1.3.1 99.92 NOTE
r-devel-linux-x86_64-fedora-gcc 1.3.1 105.42 OK
r-devel-windows-ix86+x86_64 1.3.1 50.00 102.00 152.00 OK
r-patched-linux-x86_64 1.3.1 16.10 61.68 77.78 OK
r-patched-solaris-x86 1.3.1 156.70 OK
r-release-linux-x86_64 1.3.1 17.18 63.33 80.51 OK
r-release-windows-ix86+x86_64 1.3.1 30.00 147.00 177.00 OK
r-release-osx-x86_64 1.3.1 NOTE
r-oldrel-windows-ix86+x86_64 1.3.1 29.00 163.00 192.00 OK
r-oldrel-osx-x86_64 1.3.1 NOTE

Check Details

Version: 1.3.1
Check: installed package size
Result: NOTE
     installed size is 5.5Mb
     sub-directories of 1Mb or more:
     libs 4.5Mb
Flavors: r-devel-linux-x86_64-fedora-clang, r-release-osx-x86_64, r-oldrel-osx-x86_64