CRAN Package Check Results for Package picasso

Last updated on 2020-02-27 17:51:03 CET.

Flavor Version Tinstall Tcheck Ttotal Status Flags
r-devel-linux-x86_64-debian-clang 1.3.1 20.50 68.90 89.40 OK
r-devel-linux-x86_64-debian-gcc 1.3.1 15.54 54.91 70.45 OK
r-devel-linux-x86_64-fedora-clang 1.3.1 108.44 NOTE
r-devel-linux-x86_64-fedora-gcc 1.3.1 106.21 OK
r-devel-windows-ix86+x86_64 1.3.1 32.00 98.00 130.00 OK
r-devel-windows-ix86+x86_64-gcc8 1.3.1 34.00 105.00 139.00 OK
r-patched-linux-x86_64 1.3.1 17.48 62.76 80.24 OK
r-patched-solaris-x86 1.3.1 158.20 OK
r-release-linux-x86_64 1.3.1 16.06 62.53 78.59 OK
r-release-windows-ix86+x86_64 1.3.1 32.00 99.00 131.00 OK
r-release-osx-x86_64 1.3.1 NOTE
r-oldrel-windows-ix86+x86_64 1.3.1 26.00 100.00 126.00 OK
r-oldrel-osx-x86_64 1.3.1 NOTE

Check Details

Version: 1.3.1
Check: installed package size
Result: NOTE
     installed size is 5.5Mb
     sub-directories of 1Mb or more:
     libs 4.5Mb
Flavors: r-devel-linux-x86_64-fedora-clang, r-release-osx-x86_64, r-oldrel-osx-x86_64