CRAN Package Check Results for Package pingr

Last updated on 2019-12-15 09:46:48 CET.

Flavor Version Tinstall Tcheck Ttotal Status Flags
r-devel-linux-x86_64-debian-clang 2.0.0 3.31 19.29 22.60 OK
r-devel-linux-x86_64-debian-gcc 2.0.0 2.54 15.67 18.21 OK
r-devel-linux-x86_64-fedora-clang 2.0.0 28.51 OK
r-devel-linux-x86_64-fedora-gcc 2.0.0 27.47 OK
r-devel-windows-ix86+x86_64 2.0.0 15.00 77.00 92.00 OK
r-devel-windows-ix86+x86_64-gcc8 2.0.0 17.00 75.00 92.00 OK
r-patched-linux-x86_64 2.0.0 2.52 18.26 20.78 OK
r-patched-solaris-x86 2.0.0 41.50 OK
r-release-linux-x86_64 2.0.0 2.60 18.19 20.79 OK
r-release-windows-ix86+x86_64 2.0.0 13.00 51.00 64.00 OK
r-release-osx-x86_64 2.0.0 ERROR
r-oldrel-windows-ix86+x86_64 2.0.0 12.00 53.00 65.00 OK
r-oldrel-osx-x86_64 2.0.0 ERROR

Check Details

Version: 2.0.0
Check: examples
Result: ERROR
    Running examples in ‘pingr-Ex.R’ failed
    The error most likely occurred in:
    
    > ### Name: my_ip
    > ### Title: Query the computer's public IP address
    > ### Aliases: my_ip
    >
    > ### ** Examples
    >
    > my_ip()
    Error in nsl("myip.opendns.com", server = "208.67.222.222", type = 1L) :
     DNS query failed (system error 61, Connection refused) @dns.c:324 (r_nsl)
    Calls: my_ip -> my_ip_dns -> nsl
    Execution halted
Flavors: r-release-osx-x86_64, r-oldrel-osx-x86_64