CRAN Package Check Results for Package pinnacle.API

Last updated on 2022-05-25 06:54:37 CEST.

Flavor Version Tinstall Tcheck Ttotal Status Flags
r-devel-linux-x86_64-debian-clang 2.3.3 4.03 49.05 53.08 NOTE
r-devel-linux-x86_64-debian-gcc 2.3.3 3.20 36.81 40.01 NOTE
r-devel-linux-x86_64-fedora-clang 2.3.3 68.27 NOTE
r-devel-linux-x86_64-fedora-gcc 2.3.3 63.53 NOTE
r-devel-windows-x86_64 2.3.3 53.00 67.00 120.00 NOTE
r-patched-linux-x86_64 2.3.3 3.72 45.07 48.79 NOTE
r-release-linux-x86_64 2.3.3 NOTE
r-release-macos-arm64 2.3.3 22.00 NOTE
r-release-macos-x86_64 2.3.3 29.00 NOTE
r-release-windows-x86_64 2.3.3 67.00 66.00 133.00 NOTE
r-oldrel-macos-arm64 2.3.3 26.00 NOTE
r-oldrel-macos-x86_64 2.3.3 36.00 NOTE
r-oldrel-windows-ix86+x86_64 2.3.3 10.00 59.00 69.00 NOTE

Check Details

Version: 2.3.3
Check: LazyData
Result: NOTE
     'LazyData' is specified without a 'data' directory
Flavors: r-devel-linux-x86_64-debian-clang, r-devel-linux-x86_64-debian-gcc, r-devel-linux-x86_64-fedora-clang, r-devel-linux-x86_64-fedora-gcc, r-devel-windows-x86_64, r-patched-linux-x86_64, r-release-linux-x86_64, r-release-macos-arm64, r-release-macos-x86_64, r-release-windows-x86_64, r-oldrel-macos-arm64, r-oldrel-macos-x86_64, r-oldrel-windows-ix86+x86_64