CRAN Package Check Results for Package pins

Last updated on 2021-05-14 01:48:46 CEST.

Flavor Version Tinstall Tcheck Ttotal Status Flags
r-devel-linux-x86_64-debian-clang 0.4.5 8.86 76.88 85.74 OK
r-devel-linux-x86_64-debian-gcc 0.4.5 5.85 60.38 66.23 OK
r-devel-linux-x86_64-fedora-clang 0.4.5 110.74 NOTE
r-devel-linux-x86_64-fedora-gcc 0.4.5 101.94 NOTE
r-devel-windows-ix86+x86_64 0.4.5 13.00 112.00 125.00 OK
r-devel-windows-x86_64-gcc10-UCRT 0.4.5 NOTE
r-patched-linux-x86_64 0.4.5 7.04 74.54 81.58 OK
r-patched-solaris-x86 0.4.5 137.00 NOTE
r-release-linux-x86_64 0.4.5 8.55 72.93 81.48 OK
r-release-macos-x86_64 0.4.5 NOTE
r-release-windows-ix86+x86_64 0.4.5 10.00 105.00 115.00 OK
r-oldrel-macos-x86_64 0.4.5 NOTE
r-oldrel-windows-ix86+x86_64 0.4.5 11.00 101.00 112.00 OK

Check Details

Version: 0.4.5
Check: data for non-ASCII characters
Result: NOTE
     Note: found 36 marked UTF-8 strings
Flavors: r-devel-linux-x86_64-fedora-clang, r-devel-linux-x86_64-fedora-gcc, r-devel-windows-x86_64-gcc10-UCRT, r-patched-solaris-x86, r-release-macos-x86_64, r-oldrel-macos-x86_64