CRAN Package Check Results for Package pipefittr

Last updated on 2018-05-21 06:49:08 CEST.

Flavor Version Tinstall Tcheck Ttotal Status Flags
r-devel-linux-x86_64-debian-clang 0.1.2 1.91 24.11 26.02 OK
r-devel-linux-x86_64-debian-gcc 0.1.2 1.41 21.71 23.12 OK
r-devel-linux-x86_64-fedora-clang 0.1.2 33.43 OK
r-devel-linux-x86_64-fedora-gcc 0.1.2 33.10 OK
r-devel-windows-ix86+x86_64 0.1.2 4.00 43.00 47.00 OK
r-patched-linux-x86_64 0.1.2 1.63 25.01 26.64 OK
r-patched-solaris-x86 0.1.2 54.80 OK
r-release-linux-x86_64 0.1.2 1.24 25.04 26.28 OK
r-release-windows-ix86+x86_64 0.1.2 5.00 59.00 64.00 OK
r-release-osx-x86_64 0.1.2 OK
r-oldrel-windows-ix86+x86_64 0.1.2 2.00 4.00 6.00 ERROR
r-oldrel-osx-x86_64 0.1.2 OK

Check Details

Version: 0.1.2
Check: whether package can be installed
Result: ERROR
    Installation failed.
Flavor: r-oldrel-windows-ix86+x86_64