CRAN Package Check Results for Package pitchRx

Last updated on 2022-05-19 09:53:20 CEST.

Flavor Version Tinstall Tcheck Ttotal Status Flags
r-devel-linux-x86_64-debian-clang 1.8.2 14.24 134.25 148.49 NOTE
r-devel-linux-x86_64-debian-gcc 1.8.2 12.89 100.86 113.75 NOTE
r-devel-linux-x86_64-fedora-clang 1.8.2 174.92 NOTE
r-devel-linux-x86_64-fedora-gcc 1.8.2 168.46 NOTE
r-devel-windows-x86_64 1.8.2 25.00 142.00 167.00 NOTE
r-patched-linux-x86_64 1.8.2 13.16 124.94 138.10 NOTE
r-release-linux-x86_64 1.8.2 14.30 124.37 138.67 NOTE
r-release-macos-arm64 1.8.2 45.00 NOTE
r-release-macos-x86_64 1.8.2 86.00 NOTE
r-release-windows-x86_64 1.8.2 28.00 135.00 163.00 NOTE
r-oldrel-macos-arm64 1.8.2 52.00 NOTE
r-oldrel-macos-x86_64 1.8.2 86.00 NOTE
r-oldrel-windows-ix86+x86_64 1.8.2 32.00 134.00 166.00 NOTE

Check Details

Version: 1.8.2
Check: package dependencies
Result: NOTE
    Package suggested but not available for checking: 'ggsubplot'
Flavors: r-devel-linux-x86_64-debian-clang, r-devel-linux-x86_64-debian-gcc, r-devel-linux-x86_64-fedora-clang, r-devel-linux-x86_64-fedora-gcc, r-devel-windows-x86_64, r-patched-linux-x86_64, r-release-linux-x86_64, r-release-macos-arm64, r-release-macos-x86_64, r-release-windows-x86_64, r-oldrel-macos-arm64, r-oldrel-macos-x86_64, r-oldrel-windows-ix86+x86_64