CRAN Package Check Results for Package piton

Last updated on 2022-05-27 06:51:30 CEST.

Flavor Version Tinstall Tcheck Ttotal Status Flags
r-devel-linux-x86_64-debian-clang 1.0.0 20.42 37.18 57.60 NOTE
r-devel-linux-x86_64-debian-gcc 1.0.0 14.97 28.73 43.70 NOTE
r-devel-linux-x86_64-fedora-clang 1.0.0 77.45 NOTE
r-devel-linux-x86_64-fedora-gcc 1.0.0 59.78 NOTE
r-devel-windows-x86_64 1.0.0 184.00 80.00 264.00 NOTE
r-patched-linux-x86_64 1.0.0 16.84 36.84 53.68 NOTE
r-release-linux-x86_64 1.0.0 17.15 36.52 53.67 NOTE
r-release-macos-arm64 1.0.0 21.00 NOTE
r-release-macos-x86_64 1.0.0 31.00 NOTE
r-release-windows-x86_64 1.0.0 145.00 82.00 227.00 NOTE
r-oldrel-macos-arm64 1.0.0 25.00 NOTE
r-oldrel-macos-x86_64 1.0.0 41.00 NOTE
r-oldrel-windows-ix86+x86_64 1.0.0 53.00 71.00 124.00 NOTE

Check Details

Version: 1.0.0
Check: LazyData
Result: NOTE
     'LazyData' is specified without a 'data' directory
Flavors: r-devel-linux-x86_64-debian-clang, r-devel-linux-x86_64-debian-gcc, r-devel-linux-x86_64-fedora-clang, r-devel-linux-x86_64-fedora-gcc, r-devel-windows-x86_64, r-patched-linux-x86_64, r-release-linux-x86_64, r-release-macos-arm64, r-release-macos-x86_64, r-release-windows-x86_64, r-oldrel-macos-arm64, r-oldrel-macos-x86_64, r-oldrel-windows-ix86+x86_64