Last updated on 2022-08-08 06:54:10 CEST.
Flavor | Version | Tinstall | Tcheck | Ttotal | Status | Flags |
---|---|---|---|---|---|---|
r-devel-linux-x86_64-debian-clang | 1.5.3 | 42.46 | 585.80 | 628.26 | NOTE | |
r-devel-linux-x86_64-debian-gcc | 1.5.3 | 32.89 | 419.51 | 452.40 | NOTE | |
r-devel-linux-x86_64-fedora-clang | 1.5.3 | 722.04 | NOTE | |||
r-devel-linux-x86_64-fedora-gcc | 1.5.3 | 717.12 | NOTE | |||
r-devel-windows-x86_64 | 1.5.3 | 118.00 | 589.00 | 707.00 | NOTE | |
r-patched-linux-x86_64 | 1.5.3 | 51.49 | 528.22 | 579.71 | OK | |
r-release-linux-x86_64 | 1.5.3 | OK | ||||
r-release-macos-arm64 | 1.5.3 | 77.00 | NOTE | |||
r-release-macos-x86_64 | 1.5.3 | 278.00 | OK | |||
r-release-windows-x86_64 | 1.5.3 | 83.00 | 605.00 | 688.00 | OK | |
r-oldrel-macos-arm64 | 1.5.3 | 91.00 | NOTE | |||
r-oldrel-macos-x86_64 | 1.5.3 | 102.00 | OK | |||
r-oldrel-windows-ix86+x86_64 | 1.5.3 | 69.00 | 644.00 | 713.00 | OK |
Version: 1.5.3
Check: package subdirectories
Result: NOTE
Problems with news in 'NEWS.md':
Cannot extract version info from the following section titles:
Earlier versions
Flavors: r-devel-linux-x86_64-debian-clang, r-devel-linux-x86_64-debian-gcc, r-devel-linux-x86_64-fedora-clang, r-devel-linux-x86_64-fedora-gcc, r-devel-windows-x86_64
Version: 1.5.3
Check: installed package size
Result: NOTE
installed size is 5.2Mb
sub-directories of 1Mb or more:
R 2.1Mb
data 2.0Mb
Flavors: r-release-macos-arm64, r-oldrel-macos-arm64