CRAN Package Check Results for Package pixels

Last updated on 2024-04-17 17:56:32 CEST.

Flavor Version Tinstall Tcheck Ttotal Status Flags
r-devel-linux-x86_64-debian-clang 0.1.1 3.79 37.87 41.66 NOTE
r-devel-linux-x86_64-debian-gcc 0.1.1 3.43 29.51 32.94 NOTE
r-devel-linux-x86_64-fedora-clang 0.1.1 52.82 NOTE
r-devel-linux-x86_64-fedora-gcc 0.1.1 50.48 NOTE
r-prerel-macos-arm64 0.1.1 20.00 NOTE
r-prerel-windows-x86_64 0.1.1 6.00 49.00 55.00 NOTE
r-patched-linux-x86_64 0.1.1 3.16 37.26 40.42 NOTE
r-release-linux-x86_64 0.1.1 4.34 36.52 40.86 NOTE
r-release-macos-arm64 0.1.1 22.00 NOTE
r-release-macos-x86_64 0.1.1 29.00 NOTE
r-release-windows-x86_64 0.1.1 7.00 52.00 59.00 NOTE
r-oldrel-macos-arm64 0.1.1 19.00 NOTE
r-oldrel-windows-x86_64 0.1.1 7.00 59.00 66.00 NOTE

Check Details

Version: 0.1.1
Check: Rd files
Result: NOTE checkRd: (-1) get_pixels.Rd:27-29: Lost braces 27 | if (interactive()) { | ^ Flavors: r-devel-linux-x86_64-debian-clang, r-devel-linux-x86_64-debian-gcc, r-devel-linux-x86_64-fedora-clang, r-devel-linux-x86_64-fedora-gcc, r-prerel-macos-arm64, r-prerel-windows-x86_64, r-patched-linux-x86_64

Version: 0.1.1
Check: LazyData
Result: NOTE 'LazyData' is specified without a 'data' directory Flavors: r-devel-linux-x86_64-debian-clang, r-devel-linux-x86_64-debian-gcc, r-devel-linux-x86_64-fedora-clang, r-devel-linux-x86_64-fedora-gcc, r-prerel-macos-arm64, r-prerel-windows-x86_64, r-patched-linux-x86_64, r-release-linux-x86_64, r-release-macos-arm64, r-release-macos-x86_64, r-release-windows-x86_64, r-oldrel-macos-arm64, r-oldrel-windows-x86_64