Last updated on 2021-04-22 18:48:44 CEST.
Flavor | Version | Tinstall | Tcheck | Ttotal | Status | Flags |
---|---|---|---|---|---|---|
r-devel-linux-x86_64-debian-clang | 1.2.0 | 5.27 | 47.06 | 52.33 | NOTE | |
r-devel-linux-x86_64-debian-gcc | 1.2.0 | 3.78 | 37.11 | 40.89 | NOTE | |
r-devel-linux-x86_64-fedora-clang | 1.2.0 | 73.53 | NOTE | |||
r-devel-linux-x86_64-fedora-gcc | 1.2.0 | 65.37 | NOTE | |||
r-devel-windows-ix86+x86_64 | 1.2.0 | 10.00 | 102.00 | 112.00 | NOTE | |
r-devel-windows-x86_64-gcc10-UCRT | 1.2.0 | NOTE | ||||
r-patched-linux-x86_64 | 1.2.0 | 4.19 | 45.57 | 49.76 | OK | |
r-patched-solaris-x86 | 1.2.0 | 113.10 | OK | |||
r-release-linux-x86_64 | 1.2.0 | 3.92 | 45.47 | 49.39 | OK | |
r-release-macos-x86_64 | 1.2.0 | OK | ||||
r-release-windows-ix86+x86_64 | 1.2.0 | 9.00 | 60.00 | 69.00 | OK | |
r-oldrel-macos-x86_64 | 1.2.0 | OK | ||||
r-oldrel-windows-ix86+x86_64 | 1.2.0 | 6.00 | 68.00 | 74.00 | OK |
Version: 1.2.0
Check: LazyData
Result: NOTE
'LazyData' is specified without a 'data' directory
Flavors: r-devel-linux-x86_64-debian-clang, r-devel-linux-x86_64-debian-gcc, r-devel-linux-x86_64-fedora-clang, r-devel-linux-x86_64-fedora-gcc, r-devel-windows-ix86+x86_64, r-devel-windows-x86_64-gcc10-UCRT