CRAN Package Check Results for Package pkgconfig

Last updated on 2018-07-15 19:51:52 CEST.

Flavor Version Tinstall Tcheck Ttotal Status Flags
r-devel-linux-x86_64-debian-clang 2.0.1 0.55 26.29 26.84 WARN
r-devel-linux-x86_64-debian-gcc 2.0.1 0.51 20.96 21.47 WARN
r-devel-linux-x86_64-fedora-clang 2.0.1 31.76 WARN
r-devel-linux-x86_64-fedora-gcc 2.0.1 29.83 WARN
r-devel-windows-ix86+x86_64 2.0.1 6.00 79.00 85.00 WARN
r-patched-linux-x86_64 2.0.1 0.75 23.82 24.57 OK
r-patched-solaris-x86 2.0.1 47.70 OK
r-release-linux-x86_64 2.0.1 0.79 23.92 24.71 OK
r-release-windows-ix86+x86_64 2.0.1 4.00 45.00 49.00 OK
r-release-osx-x86_64 2.0.1 OK
r-oldrel-windows-ix86+x86_64 2.0.1 3.00 57.00 60.00 OK
r-oldrel-osx-x86_64 2.0.1 OK

Check Details

Version: 2.0.1
Check: for unstated dependencies in ‘tests’
Result: WARN
    '::' or ':::' import not declared from: ‘utility’
Flavors: r-devel-linux-x86_64-debian-clang, r-devel-linux-x86_64-debian-gcc, r-devel-linux-x86_64-fedora-clang, r-devel-linux-x86_64-fedora-gcc, r-devel-windows-ix86+x86_64