CRAN Package Check Results for Package pkgconfig

Last updated on 2021-05-08 11:50:34 CEST.

Flavor Version Tinstall Tcheck Ttotal Status Flags
r-devel-linux-x86_64-debian-clang 2.0.3 1.08 23.43 24.51 NOTE
r-devel-linux-x86_64-debian-gcc 2.0.3 1.27 18.77 20.04 NOTE
r-devel-linux-x86_64-fedora-clang 2.0.3 41.48 NOTE
r-devel-linux-x86_64-fedora-gcc 2.0.3 31.05 NOTE
r-devel-windows-ix86+x86_64 2.0.3 5.00 42.00 47.00 NOTE
r-devel-windows-x86_64-gcc10-UCRT 2.0.3 NOTE
r-patched-linux-x86_64 2.0.3 1.29 23.29 24.58 NOTE
r-patched-solaris-x86 2.0.3 47.30 OK
r-release-linux-x86_64 2.0.3 1.54 23.09 24.63 OK
r-release-macos-x86_64 2.0.3 OK
r-release-windows-ix86+x86_64 2.0.3 4.00 33.00 37.00 OK
r-oldrel-macos-x86_64 2.0.3 OK
r-oldrel-windows-ix86+x86_64 2.0.3 3.00 40.00 43.00 OK

Check Details

Version: 2.0.3
Check: LazyData
Result: NOTE
     'LazyData' is specified without a 'data' directory
Flavors: r-devel-linux-x86_64-debian-clang, r-devel-linux-x86_64-debian-gcc, r-devel-linux-x86_64-fedora-clang, r-devel-linux-x86_64-fedora-gcc, r-devel-windows-ix86+x86_64, r-devel-windows-x86_64-gcc10-UCRT, r-patched-linux-x86_64