CRAN Package Check Results for Package pkgconfig

Last updated on 2018-05-23 04:48:46 CEST.

Flavor Version Tinstall Tcheck Ttotal Status Flags
r-devel-linux-x86_64-debian-clang 2.0.1 0.66 26.06 26.72 WARN
r-devel-linux-x86_64-debian-gcc 2.0.1 0.62 20.81 21.43 WARN
r-devel-linux-x86_64-fedora-clang 2.0.1 30.49 OK
r-devel-linux-x86_64-fedora-gcc 2.0.1 29.12 OK
r-devel-windows-ix86+x86_64 2.0.1 4.00 61.00 65.00 OK
r-patched-linux-x86_64 2.0.1 0.54 23.41 23.95 OK
r-patched-solaris-x86 2.0.1 48.70 OK
r-release-linux-x86_64 2.0.1 0.58 23.38 23.96 OK
r-release-windows-ix86+x86_64 2.0.1 4.00 55.00 59.00 OK
r-release-osx-x86_64 2.0.1 OK
r-oldrel-windows-ix86+x86_64 2.0.1 4.00 53.00 57.00 OK
r-oldrel-osx-x86_64 2.0.1 OK

Check Details

Version: 2.0.1
Check: for unstated dependencies in ‘tests’
Result: WARN
    '::' or ':::' import not declared from: ‘utility’
Flavors: r-devel-linux-x86_64-debian-clang, r-devel-linux-x86_64-debian-gcc