Last updated on 2023-10-02 02:00:30 CEST.
Flavor | Version | Tinstall | Tcheck | Ttotal | Status | Flags |
---|---|---|---|---|---|---|
r-devel-linux-x86_64-debian-clang | 2.0.7 | 10.54 | 168.10 | 178.64 | OK | |
r-devel-linux-x86_64-debian-gcc | 2.0.7 | 8.59 | 126.14 | 134.73 | OK | |
r-devel-linux-x86_64-fedora-clang | 2.0.7 | 228.19 | NOTE | |||
r-devel-linux-x86_64-fedora-gcc | 2.0.7 | 240.01 | OK | |||
r-devel-windows-x86_64 | 2.0.7 | 13.00 | 200.00 | 213.00 | OK | |
r-patched-linux-x86_64 | 2.0.7 | 10.33 | 161.42 | 171.75 | OK | |
r-release-linux-x86_64 | 2.0.7 | 12.87 | 161.56 | 174.43 | OK | |
r-release-macos-arm64 | 2.0.7 | 132.00 | OK | |||
r-release-macos-x86_64 | 2.0.7 | 142.00 | OK | |||
r-release-windows-x86_64 | 2.0.7 | 15.00 | 199.00 | 214.00 | OK | |
r-oldrel-macos-arm64 | 2.0.7 | 120.00 | OK | |||
r-oldrel-macos-x86_64 | 2.0.7 | 122.00 | OK | |||
r-oldrel-windows-x86_64 | 2.0.7 | 14.00 | 193.00 | 207.00 | OK |
Version: 2.0.7
Check: Rd cross-references
Result: NOTE
Undeclared package ‘usethis’ in Rd xrefs
Flavor: r-devel-linux-x86_64-fedora-clang