CRAN Package Check Results for Package pkgfilecache

Last updated on 2024-06-19 10:24:26 CEST.

Flavor Version Tinstall Tcheck Ttotal Status Flags
r-devel-linux-x86_64-debian-clang 0.1.5 1.55 31.28 32.83 OK
r-devel-linux-x86_64-debian-gcc 0.1.5 1.59 23.91 25.50 OK
r-devel-linux-x86_64-fedora-clang 0.1.5 43.79 NOTE
r-devel-linux-x86_64-fedora-gcc 0.1.5 53.64 NOTE
r-devel-windows-x86_64 0.1.5 5.00 52.00 57.00 OK
r-patched-linux-x86_64 0.1.5 2.65 30.09 32.74 OK
r-release-linux-x86_64 0.1.5 2.19 30.63 32.82 OK
r-release-macos-arm64 0.1.5 25.00 OK
r-release-macos-x86_64 0.1.5 35.00 OK
r-release-windows-x86_64 0.1.5 4.00 55.00 59.00 OK
r-oldrel-macos-arm64 0.1.5 28.00 OK
r-oldrel-macos-x86_64 0.1.5 56.00 OK
r-oldrel-windows-x86_64 0.1.5 3.00 53.00 56.00 OK

Check Details

Version: 0.1.5
Check: dependencies in R code
Result: NOTE Namespace in Imports field not imported from: ‘curl’ All declared Imports should be used. Flavors: r-devel-linux-x86_64-fedora-clang, r-devel-linux-x86_64-fedora-gcc