CRAN Package Check Results for Package pkggraph

Last updated on 2018-11-17 15:47:35 CET.

Flavor Version Tinstall Tcheck Ttotal Status Flags
r-devel-linux-x86_64-debian-clang 0.2.3 6.69 132.04 138.73 OK
r-devel-linux-x86_64-debian-gcc 0.2.3 6.36 104.16 110.52 OK
r-devel-linux-x86_64-fedora-clang 0.2.3 86.04 OK
r-devel-linux-x86_64-fedora-gcc 0.2.3 156.56 OK
r-devel-windows-ix86+x86_64 0.2.3 22.00 198.00 220.00 OK
r-patched-linux-x86_64 0.2.3 7.60 128.94 136.54 OK
r-patched-solaris-x86 0.2.3 216.30 NOTE
r-release-linux-x86_64 0.2.3 6.25 128.45 134.70 OK
r-release-windows-ix86+x86_64 0.2.3 20.00 179.00 199.00 OK
r-release-osx-x86_64 0.2.3 OK
r-oldrel-windows-ix86+x86_64 0.2.2 20.00 164.00 184.00 OK
r-oldrel-osx-x86_64 0.2.3 ERROR

Check Details

Version: 0.2.3
Check: installed package size
Result: NOTE
     installed size is 5.1Mb
     sub-directories of 1Mb or more:
     doc 4.4Mb
Flavor: r-patched-solaris-x86

Version: 0.2.3
Check: package dependencies
Result: NOTE
    Package suggested but not available for checking: ‘BiocManager’
Flavor: r-oldrel-osx-x86_64

Version: 0.2.3
Check: whether package can be installed
Result: ERROR
    Installation failed.
Flavor: r-oldrel-osx-x86_64