CRAN Package Check Results for Package pkggraph

Last updated on 2018-05-24 02:48:34 CEST.

Flavor Version Tinstall Tcheck Ttotal Status Flags
r-devel-linux-x86_64-debian-clang 0.2.2 6.77 123.35 130.12 OK
r-devel-linux-x86_64-debian-gcc 0.2.2 6.65 109.92 116.57 OK
r-devel-linux-x86_64-fedora-clang 0.2.2 181.75 OK
r-devel-linux-x86_64-fedora-gcc 0.2.2 179.02 OK
r-devel-windows-ix86+x86_64 0.2.2 16.00 146.00 162.00 OK
r-patched-linux-x86_64 0.2.2 6.62 125.62 132.24 OK
r-patched-solaris-x86 0.2.2 235.60 NOTE
r-release-linux-x86_64 0.2.2 7.00 125.99 132.99 OK
r-release-windows-ix86+x86_64 0.2.2 27.00 180.00 207.00 OK
r-release-osx-x86_64 0.2.2 OK
r-oldrel-windows-ix86+x86_64 0.2.2 20.00 203.00 223.00 OK
r-oldrel-osx-x86_64 0.2.2 OK

Check Details

Version: 0.2.2
Check: installed package size
Result: NOTE
     installed size is 5.1Mb
     sub-directories of 1Mb or more:
     doc 4.4Mb
Flavor: r-patched-solaris-x86