CRAN Package Check Results for Package pkggraph

Last updated on 2019-02-16 13:46:31 CET.

Flavor Version Tinstall Tcheck Ttotal Status Flags
r-devel-linux-x86_64-debian-clang 0.2.3 7.63 138.94 146.57 OK
r-devel-linux-x86_64-debian-gcc 0.2.3 5.76 105.84 111.60 OK
r-devel-linux-x86_64-fedora-clang 0.2.3 171.10 OK
r-devel-linux-x86_64-fedora-gcc 0.2.3 161.36 OK
r-devel-windows-ix86+x86_64 0.2.3 24.00 199.00 223.00 OK
r-patched-linux-x86_64 0.2.3 5.91 131.85 137.76 OK
r-patched-solaris-x86 0.2.3 237.50 NOTE
r-release-linux-x86_64 0.2.3 OK
r-release-windows-ix86+x86_64 0.2.3 15.00 238.00 253.00 OK
r-release-osx-x86_64 0.2.3 OK
r-oldrel-windows-ix86+x86_64 0.2.2 20.00 164.00 184.00 OK
r-oldrel-osx-x86_64 0.2.3 ERROR

Check Details

Version: 0.2.3
Check: installed package size
Result: NOTE
     installed size is 5.1Mb
     sub-directories of 1Mb or more:
     doc 4.4Mb
Flavor: r-patched-solaris-x86

Version: 0.2.3
Check: package dependencies
Result: NOTE
    Package suggested but not available for checking: ‘BiocManager’
Flavor: r-oldrel-osx-x86_64

Version: 0.2.3
Check: whether package can be installed
Result: ERROR
    Installation failed.
Flavor: r-oldrel-osx-x86_64