CRAN Package Check Results for Package pkggraph

Last updated on 2018-08-19 11:48:02 CEST.

Flavor Version Tinstall Tcheck Ttotal Status Flags
r-devel-linux-x86_64-debian-clang 0.2.2 8.25 145.17 153.42 OK
r-devel-linux-x86_64-debian-gcc 0.2.2 6.45 114.63 121.08 OK
r-devel-linux-x86_64-fedora-clang 0.2.2 183.07 OK
r-devel-linux-x86_64-fedora-gcc 0.2.2 179.88 OK
r-devel-windows-ix86+x86_64 0.2.2 23.00 216.00 239.00 OK
r-patched-linux-x86_64 0.2.2 7.15 128.78 135.93 OK
r-patched-solaris-x86 0.2.2 240.40 NOTE
r-release-linux-x86_64 0.2.2 7.33 127.88 135.21 OK
r-release-windows-ix86+x86_64 0.2.2 24.00 141.00 165.00 OK
r-release-osx-x86_64 0.2.2 OK
r-oldrel-windows-ix86+x86_64 0.2.2 17.00 147.00 164.00 OK
r-oldrel-osx-x86_64 0.2.2 OK

Check Details

Version: 0.2.2
Check: installed package size
Result: NOTE
     installed size is 5.1Mb
     sub-directories of 1Mb or more:
     doc 4.4Mb
Flavor: r-patched-solaris-x86