CRAN Package Check Results for Package pkggraph

Last updated on 2018-02-24 20:48:38 CET.

Flavor Version Tinstall Tcheck Ttotal Status Flags
r-devel-linux-x86_64-debian-clang 0.2.2 7.36 130.13 137.49 OK
r-devel-linux-x86_64-debian-gcc 0.2.2 5.93 101.19 107.12 OK
r-devel-linux-x86_64-fedora-clang 0.2.2 163.06 NOTE
r-devel-linux-x86_64-fedora-gcc 0.2.2 160.11 NOTE
r-devel-windows-ix86+x86_64 0.2.2 20.00 181.00 201.00 OK
r-patched-linux-x86_64 0.2.2 6.32 149.92 156.24 OK
r-patched-solaris-x86 0.2.2 243.00 NOTE
r-release-linux-x86_64 0.2.2 5.31 140.40 145.71 OK
r-release-windows-ix86+x86_64 0.2.2 22.00 200.00 222.00 OK
r-release-osx-x86_64 0.2.2 OK
r-oldrel-osx-x86_64 0.2.2 ERROR

Check Details

Version: 0.2.2
Check: package dependencies
Result: NOTE
    Package suggested but not available for checking: ‘BiocInstaller’
Flavors: r-devel-linux-x86_64-fedora-clang, r-devel-linux-x86_64-fedora-gcc

Version: 0.2.2
Check: installed package size
Result: NOTE
     installed size is 5.1Mb
     sub-directories of 1Mb or more:
     doc 4.4Mb
Flavor: r-patched-solaris-x86

Version: 0.2.2
Check: whether package can be installed
Result: ERROR
    Installation failed.
Flavor: r-oldrel-osx-x86_64