CRAN Package Check Results for Package pkgload

Last updated on 2022-10-07 20:52:31 CEST.

Flavor Version Tinstall Tcheck Ttotal Status Flags
r-devel-linux-x86_64-debian-clang 1.3.0 7.33 133.28 140.61 OK
r-devel-linux-x86_64-debian-gcc 1.3.0 5.61 97.14 102.75 OK
r-devel-linux-x86_64-fedora-clang 1.3.0 178.65 OK
r-devel-linux-x86_64-fedora-gcc 1.3.0 276.97 OK
r-devel-windows-x86_64 1.3.0 147.00 180.00 327.00 OK
r-patched-linux-x86_64 1.3.0 6.28 122.29 128.57 OK
r-release-linux-x86_64 1.3.0 4.60 121.42 126.02 OK
r-release-macos-arm64 1.3.0 106.00 OK
r-release-macos-x86_64 1.3.0 158.00 OK
r-release-windows-x86_64 1.3.0 113.00 170.00 283.00 OK
r-oldrel-macos-arm64 1.3.0 104.00 OK
r-oldrel-macos-x86_64 1.3.0 138.00 OK
r-oldrel-windows-ix86+x86_64 1.3.0 13.00 178.00 191.00 WARN

Check Details

Version: 1.3.0
Check: for unstated dependencies in ‘tests’
Result: WARN
    Warning: unable to access index for repository https://bioconductor.org/packages/3.14/bioc/src/contrib:
     cannot open URL 'https://bioconductor.org/packages/3.14/bioc/src/contrib/PACKAGES'
    Warning: unable to access index for repository https://bioconductor.org/packages/3.14/data/annotation/src/contrib:
     cannot open URL 'https://bioconductor.org/packages/3.14/data/annotation/src/contrib/PACKAGES'
    Warning: unable to access index for repository https://bioconductor.org/packages/3.14/data/experiment/src/contrib:
     cannot open URL 'https://bioconductor.org/packages/3.14/data/experiment/src/contrib/PACKAGES'
Flavor: r-oldrel-windows-ix86+x86_64