Last updated on 2019-12-07 08:49:37 CET.
Flavor | Version | Tinstall | Tcheck | Ttotal | Status | Flags |
---|---|---|---|---|---|---|
r-devel-linux-x86_64-debian-clang | 1.0.2 | 4.93 | 202.23 | 207.16 | OK | |
r-devel-linux-x86_64-debian-gcc | 1.0.2 | 4.25 | 159.89 | 164.14 | OK | |
r-devel-linux-x86_64-fedora-clang | 1.0.2 | 232.71 | OK | |||
r-devel-linux-x86_64-fedora-gcc | 1.0.2 | 231.26 | OK | |||
r-devel-windows-ix86+x86_64 | 1.0.2 | 1.00 | 14.00 | 15.00 | ERROR | |
r-devel-windows-ix86+x86_64-gcc8 | 1.0.2 | 14.00 | 310.00 | 324.00 | OK | |
r-patched-linux-x86_64 | 1.0.2 | 4.83 | 179.69 | 184.52 | OK | |
r-patched-solaris-x86 | 1.0.2 | 179.10 | OK | |||
r-release-linux-x86_64 | 1.0.2 | 5.32 | 181.85 | 187.17 | OK | |
r-release-windows-ix86+x86_64 | 1.0.2 | 16.00 | 197.00 | 213.00 | OK | |
r-release-osx-x86_64 | 1.0.2 | OK | ||||
r-oldrel-windows-ix86+x86_64 | 1.0.2 | 8.00 | 296.00 | 304.00 | OK | |
r-oldrel-osx-x86_64 | 1.0.2 | OK |
Version: 1.0.2
Check: whether package can be installed
Result: ERROR
Installation failed.
Flavor: r-devel-windows-ix86+x86_64