CRAN Package Check Results for Package pkgmaker

Last updated on 2019-01-23 08:49:15 CET.

Flavor Version Tinstall Tcheck Ttotal Status Flags
r-devel-linux-x86_64-debian-clang 0.27 7.21 51.97 59.18 OK
r-devel-linux-x86_64-debian-gcc 0.27 5.11 40.68 45.79 OK
r-devel-linux-x86_64-fedora-clang 0.27 97.09 NOTE
r-devel-linux-x86_64-fedora-gcc 0.27 90.94 NOTE
r-devel-windows-ix86+x86_64 0.27 19.00 83.00 102.00 OK
r-patched-linux-x86_64 0.27 8.48 48.82 57.30 OK
r-patched-solaris-x86 0.27 95.00 NOTE
r-release-linux-x86_64 0.27 5.26 48.39 53.65 OK
r-release-windows-ix86+x86_64 0.27 16.00 109.00 125.00 OK
r-release-osx-x86_64 0.27 NOTE
r-oldrel-windows-ix86+x86_64 0.27 9.00 115.00 124.00 OK
r-oldrel-osx-x86_64 0.27 NOTE

Check Details

Version: 0.27
Check: dependencies in R code
Result: NOTE
    Namespaces in Imports field not imported from:
     ‘magrittr’ ‘stringi’
     All declared Imports should be used.
Flavors: r-devel-linux-x86_64-fedora-clang, r-devel-linux-x86_64-fedora-gcc, r-patched-solaris-x86, r-release-osx-x86_64, r-oldrel-osx-x86_64