CRAN Package Check Results for Package pkgmaker

Last updated on 2018-08-15 08:48:54 CEST.

Flavor Version Tinstall Tcheck Ttotal Status Flags
r-devel-linux-x86_64-debian-clang 0.27 7.17 49.77 56.94 OK
r-devel-linux-x86_64-debian-gcc 0.27 5.27 39.17 44.44 OK
r-devel-linux-x86_64-fedora-clang 0.27 98.15 NOTE
r-devel-linux-x86_64-fedora-gcc 0.27 97.36 NOTE
r-devel-windows-ix86+x86_64 0.27 14.00 78.00 92.00 OK
r-patched-linux-x86_64 0.27 6.10 47.24 53.34 OK
r-patched-solaris-x86 0.27 89.40 NOTE
r-release-linux-x86_64 0.27 6.68 47.73 54.41 OK
r-release-windows-ix86+x86_64 0.27 14.00 100.00 114.00 WARN
r-release-osx-x86_64 0.27 NOTE
r-oldrel-windows-ix86+x86_64 0.27 11.00 60.00 71.00 WARN
r-oldrel-osx-x86_64 0.27 NOTE

Check Details

Version: 0.27
Check: dependencies in R code
Result: NOTE
    Namespaces in Imports field not imported from:
     ‘magrittr’ ‘stringi’
     All declared Imports should be used.
Flavors: r-devel-linux-x86_64-fedora-clang, r-devel-linux-x86_64-fedora-gcc, r-patched-solaris-x86, r-release-osx-x86_64, r-oldrel-osx-x86_64

Version: 0.27
Check: whether package can be installed
Result: WARN
    Found the following significant warnings:
     Warning: S3 method 'format.SQLiteConnection' was declared in NAMESPACE but not found
Flavors: r-release-windows-ix86+x86_64, r-oldrel-windows-ix86+x86_64