CRAN Package Check Results for Package pkgsearch

Last updated on 2021-05-18 19:51:48 CEST.

Flavor Version Tinstall Tcheck Ttotal Status Flags
r-devel-linux-x86_64-debian-clang 3.0.3 3.93 34.03 37.96 NOTE
r-devel-linux-x86_64-debian-gcc 3.0.3 3.72 26.33 30.05 NOTE
r-devel-linux-x86_64-fedora-clang 3.0.3 54.99 NOTE
r-devel-linux-x86_64-fedora-gcc 3.0.3 43.53 NOTE
r-devel-windows-ix86+x86_64 3.0.3 9.00 41.00 50.00 NOTE
r-devel-windows-x86_64-gcc10-UCRT 3.0.3 NOTE
r-patched-linux-x86_64 3.0.3 4.23 32.74 36.97 NOTE
r-patched-solaris-x86 3.0.3 62.70 NOTE
r-release-linux-x86_64 3.0.3 4.38 31.73 36.11 OK
r-release-macos-x86_64 3.0.3 OK
r-release-windows-ix86+x86_64 3.0.3 7.00 44.00 51.00 OK
r-oldrel-macos-x86_64 3.0.3 OK
r-oldrel-windows-ix86+x86_64 3.0.3 4.00 65.00 69.00 OK

Check Details

Version: 3.0.3
Check: LazyData
Result: NOTE
     'LazyData' is specified without a 'data' directory
Flavors: r-devel-linux-x86_64-debian-clang, r-devel-linux-x86_64-debian-gcc, r-devel-linux-x86_64-fedora-clang, r-devel-linux-x86_64-fedora-gcc, r-devel-windows-ix86+x86_64, r-devel-windows-x86_64-gcc10-UCRT, r-patched-linux-x86_64, r-patched-solaris-x86