CRAN Package Check Results for Package plinkQC

Last updated on 2025-01-18 04:48:33 CET.

Flavor Version Tinstall Tcheck Ttotal Status Flags
r-devel-linux-x86_64-debian-clang 0.3.4 7.75 101.58 109.33 NOTE
r-devel-linux-x86_64-debian-gcc 0.3.4 5.08 73.46 78.54 NOTE
r-devel-linux-x86_64-fedora-clang 0.3.4 174.99 NOTE
r-devel-linux-x86_64-fedora-gcc 0.3.4 185.19 NOTE
r-devel-windows-x86_64 0.3.4 10.00 172.00 182.00 NOTE
r-patched-linux-x86_64 0.3.4 9.15 94.82 103.97 NOTE
r-release-linux-x86_64 0.3.4 6.24 95.02 101.26 NOTE
r-release-macos-arm64 0.3.4 73.00 NOTE
r-release-macos-x86_64 0.3.4 105.00 NOTE
r-release-windows-x86_64 0.3.4 10.00 168.00 178.00 NOTE
r-oldrel-macos-arm64 0.3.4 77.00 OK
r-oldrel-macos-x86_64 0.3.4 74.00 OK
r-oldrel-windows-x86_64 0.3.4 12.00 169.00 181.00 OK

Check Details

Version: 0.3.4
Check: Rd files
Result: NOTE checkRd: (-1) check_hwe.Rd:103: Lost braces; missing escapes or markup? 103 | {'ALL', 'AFF', 'UNAFF', 'ALL(QT)', 'ALL(NP)'}), A1 (Allele 1; usually minor), | ^ Flavors: r-devel-linux-x86_64-debian-clang, r-devel-linux-x86_64-debian-gcc, r-devel-linux-x86_64-fedora-clang, r-devel-linux-x86_64-fedora-gcc, r-devel-windows-x86_64, r-patched-linux-x86_64, r-release-linux-x86_64, r-release-macos-arm64, r-release-macos-x86_64, r-release-windows-x86_64