CRAN Package Check Results for Package plogr

Last updated on 2022-05-21 12:54:21 CEST.

Flavor Version Tinstall Tcheck Ttotal Status Flags
r-devel-linux-x86_64-debian-clang 0.2.0 1.84 40.17 42.01 NOTE
r-devel-linux-x86_64-debian-gcc 0.2.0 1.30 30.17 31.47 NOTE
r-devel-linux-x86_64-fedora-clang 0.2.0 51.88 NOTE
r-devel-linux-x86_64-fedora-gcc 0.2.0 48.58 NOTE
r-devel-windows-x86_64 0.2.0 15.00 62.00 77.00 NOTE
r-patched-linux-x86_64 0.2.0 1.73 37.53 39.26 NOTE
r-release-linux-x86_64 0.2.0 1.63 36.45 38.08 NOTE
r-release-macos-arm64 0.2.0 18.00 NOTE
r-release-macos-x86_64 0.2.0 24.00 NOTE
r-release-windows-x86_64 0.2.0 16.00 63.00 79.00 NOTE
r-oldrel-macos-arm64 0.2.0 21.00 NOTE
r-oldrel-macos-x86_64 0.2.0 30.00 NOTE
r-oldrel-windows-ix86+x86_64 0.2.0 18.00 50.00 68.00 NOTE

Check Details

Version: 0.2.0
Check: LazyData
Result: NOTE
     'LazyData' is specified without a 'data' directory
Flavors: r-devel-linux-x86_64-debian-clang, r-devel-linux-x86_64-debian-gcc, r-devel-linux-x86_64-fedora-clang, r-devel-linux-x86_64-fedora-gcc, r-devel-windows-x86_64, r-patched-linux-x86_64, r-release-linux-x86_64, r-release-macos-arm64, r-release-macos-x86_64, r-release-windows-x86_64, r-oldrel-macos-arm64, r-oldrel-macos-x86_64, r-oldrel-windows-ix86+x86_64