CRAN Package Check Results for Package plotBart

Last updated on 2022-12-01 17:50:15 CET.

Flavor Version Tinstall Tcheck Ttotal Status Flags
r-devel-linux-x86_64-debian-clang 0.1.7 8.12 339.01 347.13 OK
r-devel-linux-x86_64-debian-gcc 0.1.7 5.69 248.59 254.28 OK
r-devel-linux-x86_64-fedora-clang 0.1.7 417.03 OK
r-devel-linux-x86_64-fedora-gcc 0.1.7 418.35 OK
r-devel-windows-x86_64 0.1.7 12.00 316.00 328.00 OK
r-patched-linux-x86_64 0.1.7 6.52 314.69 321.21 OK
r-release-linux-x86_64 0.1.7 7.72 326.24 333.96 OK
r-release-macos-arm64 0.1.7 7.00 ERROR
r-release-macos-x86_64 0.1.7 128.00 OK
r-release-windows-x86_64 0.1.7 25.00 325.00 350.00 OK
r-oldrel-macos-arm64 0.1.7 102.00 OK
r-oldrel-macos-x86_64 0.1.7 124.00 OK
r-oldrel-windows-ix86+x86_64 0.1.7 18.00 337.00 355.00 OK

Check Details

Version: 0.1.7
Check: whether package can be installed
Result: ERROR
    Installation failed.
Flavor: r-release-macos-arm64