CRAN Package Check Results for Package plotDK

Last updated on 2024-03-04 23:54:22 CET.

Flavor Version Tinstall Tcheck Ttotal Status Flags
r-devel-linux-x86_64-debian-clang 0.1.0 8.80 61.63 70.43 OK
r-devel-linux-x86_64-debian-gcc 0.1.0 6.09 47.43 53.52 OK
r-devel-linux-x86_64-fedora-clang 0.1.0 90.70 NOTE
r-devel-linux-x86_64-fedora-gcc 0.1.0 82.87 NOTE
r-devel-windows-x86_64 0.1.0 10.00 68.00 78.00 OK
r-patched-linux-x86_64 0.1.0 6.94 61.90 68.84 OK
r-release-linux-x86_64 0.1.0 5.42 58.65 64.07 OK
r-release-macos-arm64 0.1.0 30.00 OK
r-release-macos-x86_64 0.1.0 44.00 OK
r-release-windows-x86_64 0.1.0 14.00 76.00 90.00 OK
r-oldrel-macos-arm64 0.1.0 30.00 NOTE
r-oldrel-windows-x86_64 0.1.0 13.00 83.00 96.00 OK

Check Details

Version: 0.1.0
Check: dependencies in R code
Result: NOTE Namespace in Imports field not imported from: ‘mapproj’ All declared Imports should be used. Flavors: r-devel-linux-x86_64-fedora-clang, r-devel-linux-x86_64-fedora-gcc, r-oldrel-macos-arm64

Version: 0.1.0
Check: data for non-ASCII characters
Result: NOTE Note: found 12992 marked UTF-8 strings Flavors: r-devel-linux-x86_64-fedora-clang, r-devel-linux-x86_64-fedora-gcc, r-oldrel-macos-arm64