CRAN Package Check Results for Package plotGMM

Last updated on 2024-04-20 20:00:16 CEST.

Flavor Version Tinstall Tcheck Ttotal Status Flags
r-devel-linux-x86_64-debian-clang 0.2.2 2.20 45.52 47.72 NOTE
r-devel-linux-x86_64-debian-gcc 0.2.2 1.75 33.31 35.06 NOTE
r-devel-linux-x86_64-fedora-clang 0.2.2 61.59 NOTE
r-devel-linux-x86_64-fedora-gcc 0.2.2 58.99 NOTE
r-prerel-macos-arm64 0.2.2 25.00 NOTE
r-prerel-windows-x86_64 0.2.2 4.00 58.00 62.00 NOTE
r-patched-linux-x86_64 0.2.2 1.71 43.46 45.17 NOTE
r-release-linux-x86_64 0.2.2 1.88 43.19 45.07 NOTE
r-release-macos-arm64 0.2.2 23.00 NOTE
r-release-macos-x86_64 0.2.2 30.00 NOTE
r-release-windows-x86_64 0.2.2 3.00 61.00 64.00 NOTE
r-oldrel-macos-arm64 0.2.2 22.00 NOTE
r-oldrel-windows-x86_64 0.2.2 3.00 66.00 69.00 NOTE

Check Details

Version: 0.2.2
Check: LazyData
Result: NOTE 'LazyData' is specified without a 'data' directory Flavors: r-devel-linux-x86_64-debian-clang, r-devel-linux-x86_64-debian-gcc, r-devel-linux-x86_64-fedora-clang, r-devel-linux-x86_64-fedora-gcc, r-prerel-macos-arm64, r-prerel-windows-x86_64, r-patched-linux-x86_64, r-release-linux-x86_64, r-release-macos-arm64, r-release-macos-x86_64, r-release-windows-x86_64, r-oldrel-macos-arm64, r-oldrel-windows-x86_64