CRAN Package Check Results for Package plotMElm

Last updated on 2022-05-28 22:55:15 CEST.

Flavor Version Tinstall Tcheck Ttotal Status Flags
r-devel-linux-x86_64-debian-clang 0.1.5 5.40 60.18 65.58 NOTE
r-devel-linux-x86_64-debian-gcc 0.1.5 4.22 45.34 49.56 NOTE
r-devel-linux-x86_64-fedora-clang 0.1.5 78.17 NOTE
r-devel-linux-x86_64-fedora-gcc 0.1.5 66.31 NOTE
r-devel-windows-x86_64 0.1.5 11.00 74.00 85.00 NOTE
r-patched-linux-x86_64 0.1.5 4.33 56.69 61.02 NOTE
r-release-linux-x86_64 0.1.5 3.65 56.95 60.60 NOTE
r-release-macos-arm64 0.1.5 21.00 NOTE
r-release-macos-x86_64 0.1.5 42.00 NOTE
r-release-windows-x86_64 0.1.5 11.00 74.00 85.00 NOTE
r-oldrel-macos-arm64 0.1.5 29.00 NOTE
r-oldrel-macos-x86_64 0.1.5 41.00 NOTE
r-oldrel-windows-ix86+x86_64 0.1.5 14.00 68.00 82.00 NOTE

Check Details

Version: 0.1.5
Check: LazyData
Result: NOTE
     'LazyData' is specified without a 'data' directory
Flavors: r-devel-linux-x86_64-debian-clang, r-devel-linux-x86_64-debian-gcc, r-devel-linux-x86_64-fedora-clang, r-devel-linux-x86_64-fedora-gcc, r-devel-windows-x86_64, r-patched-linux-x86_64, r-release-linux-x86_64, r-release-macos-arm64, r-release-macos-x86_64, r-release-windows-x86_64, r-oldrel-macos-arm64, r-oldrel-macos-x86_64, r-oldrel-windows-ix86+x86_64