CRAN Package Check Results for Package plotROC

Last updated on 2020-01-21 23:51:01 CET.

Flavor Version Tinstall Tcheck Ttotal Status Flags
r-devel-linux-x86_64-debian-clang 2.2.1 5.46 228.37 233.83 OK
r-devel-linux-x86_64-debian-gcc 2.2.1 4.34 174.84 179.18 OK
r-devel-linux-x86_64-fedora-clang 2.2.1 275.63 OK
r-devel-linux-x86_64-fedora-gcc 2.2.1 265.72 OK
r-devel-windows-ix86+x86_64 2.2.1 23.00 142.00 165.00 OK
r-devel-windows-ix86+x86_64-gcc8 2.2.1 20.00 96.00 116.00 OK
r-patched-linux-x86_64 2.2.1 4.06 212.80 216.86 OK
r-patched-solaris-x86 2.2.1 138.60 OK
r-release-linux-x86_64 2.2.1 4.27 211.52 215.79 OK
r-release-windows-ix86+x86_64 2.2.1 10.00 113.00 123.00 OK
r-release-osx-x86_64 2.2.1 OK
r-oldrel-windows-ix86+x86_64 2.2.1 8.00 92.00 100.00 WARN
r-oldrel-osx-x86_64 2.2.1 OK

Check Details

Version: 2.2.1
Check: whether package can be installed
Result: WARN
    Found the following significant warnings:
     Warning: S3 methods '[.fun_list', '[.grouped_df', 'all.equal.tbl_df', 'anti_join.data.frame', 'anti_join.tbl_df', 'arrange.data.frame', 'arrange.default', 'arrange.grouped_df', 'arrange.tbl_df', 'arrange_.data.frame', 'arrange_.tbl_df', 'as.data.frame.grouped_df', 'as.data.frame.rowwise_df', 'as.data.frame.tbl_cube', 'as.table.tbl_cube', 'as.tbl.data.frame', 'as.tbl.tbl', 'as.tbl_cube.array', 'as.tbl_cube.data.frame', 'as.tbl_cube.matrix', 'as.tbl_cube.table', 'as_tibble.grouped_df', 'as_tibble.tbl_cube', 'auto_copy.tbl_cube', 'auto_copy.tbl_df', 'cbind.grouped_df', 'collapse.data.frame', 'collect.data.frame', 'common_by.NULL', 'common_by.character', 'common_by.default', 'common_by.list', 'compute.data.frame', 'copy_to.DBIConnection', 'copy_to.src_local', 'default_missing.data.frame', 'default_missing.default', 'dim.tbl_cube', 'distinct.data.frame', 'distinct.default', 'distinct.grouped_df', 'distinct.tbl_df', 'distinct_.data.frame', 'distinct_.grouped_df', 'distinct_.tbl_df', 'do.NULL', 'do.da [... truncated]
Flavor: r-oldrel-windows-ix86+x86_64