CRAN Package Check Results for Package plotdap

Last updated on 2020-05-29 17:49:13 CEST.

Flavor Version Tinstall Tcheck Ttotal Status Flags
r-devel-linux-x86_64-debian-clang 0.0.7 13.60 191.92 205.52 OK
r-devel-linux-x86_64-debian-gcc 0.0.7 12.81 141.37 154.18 OK
r-devel-linux-x86_64-fedora-clang 0.0.7 246.94 OK
r-devel-linux-x86_64-fedora-gcc 0.0.7 248.21 OK
r-devel-windows-ix86+x86_64 0.0.7 44.00 169.00 213.00 OK --no-vignettes
r-patched-linux-x86_64 0.0.7 14.24 183.52 197.76 OK
r-patched-solaris-x86 0.0.7 335.30 OK
r-release-linux-x86_64 0.0.7 13.94 184.18 198.12 OK
r-release-osx-x86_64 0.0.7 OK
r-release-windows-ix86+x86_64 0.0.7 33.00 200.00 233.00 OK --no-vignettes
r-oldrel-osx-x86_64 0.0.7 WARN
r-oldrel-windows-ix86+x86_64 0.0.7 30.00 112.00 142.00 OK --no-vignettes

Check Details

Version: 0.0.7
Check: re-building of vignette outputs
Result: WARN
    Error(s) in re-building vignettes:
     ...
    --- re-building ‘using_plotdap.Rmd’ using rmarkdown
    Warning in engine$weave(file, quiet = quiet, encoding = enc) :
     Pandoc (>= 1.12.3) and/or pandoc-citeproc not available. Falling back to R Markdown v1.
    Quitting from lines 138-146 (using_plotdap.Rmd)
    Error: processing vignette 'using_plotdap.Rmd' failed with diagnostics:
    Failed to open file /Users/urbanek/Library/Caches/R/rerddap/d3691d4726dcf37b41ff22352dc3ac7e.nc.
    --- failed re-building ‘using_plotdap.Rmd’
    
    SUMMARY: processing the following file failed:
     ‘using_plotdap.Rmd’
    
    Error: Vignette re-building failed.
    Execution halted
Flavor: r-oldrel-osx-x86_64