CRAN Package Check Results for Package plothelper

Last updated on 2024-04-17 16:53:16 CEST.

Flavor Version Tinstall Tcheck Ttotal Status Flags
r-devel-linux-x86_64-debian-clang 0.1.9 8.47 76.54 85.01 NOTE
r-devel-linux-x86_64-debian-gcc 0.1.9 6.63 55.89 62.52 NOTE
r-devel-linux-x86_64-fedora-clang 0.1.9 108.53 NOTE
r-devel-linux-x86_64-fedora-gcc 0.1.9 98.41 NOTE
r-prerel-macos-arm64 0.1.9 33.00 NOTE
r-prerel-windows-x86_64 0.1.9 9.00 76.00 85.00 NOTE
r-patched-linux-x86_64 0.1.9 10.54 73.87 84.41 NOTE
r-release-linux-x86_64 0.1.9 7.17 74.10 81.27 NOTE
r-release-macos-arm64 0.1.9 34.00 NOTE
r-release-macos-x86_64 0.1.9 52.00 NOTE
r-release-windows-x86_64 0.1.9 12.00 90.00 102.00 NOTE
r-oldrel-macos-arm64 0.1.9 29.00 NOTE
r-oldrel-windows-x86_64 0.1.9 13.00 84.00 97.00 NOTE

Check Details

Version: 0.1.9
Check: LazyData
Result: NOTE 'LazyData' is specified without a 'data' directory Flavors: r-devel-linux-x86_64-debian-clang, r-devel-linux-x86_64-debian-gcc, r-devel-linux-x86_64-fedora-clang, r-devel-linux-x86_64-fedora-gcc, r-prerel-macos-arm64, r-prerel-windows-x86_64, r-patched-linux-x86_64, r-release-linux-x86_64, r-release-macos-arm64, r-release-macos-x86_64, r-release-windows-x86_64, r-oldrel-macos-arm64, r-oldrel-windows-x86_64