CRAN Package Check Results for Package plothelper

Last updated on 2020-02-19 18:47:36 CET.

Flavor Version Tinstall Tcheck Ttotal Status Flags
r-devel-linux-x86_64-debian-clang 0.1.7 7.30 58.06 65.36 OK
r-devel-linux-x86_64-debian-gcc 0.1.7 6.95 43.56 50.51 OK
r-devel-linux-x86_64-fedora-clang 0.1.7 80.53 OK
r-devel-linux-x86_64-fedora-gcc 0.1.7 75.37 OK
r-devel-windows-ix86+x86_64 0.1.7 17.00 66.00 83.00 OK
r-devel-windows-ix86+x86_64-gcc8 0.1.6 24.00 67.00 91.00 OK
r-patched-linux-x86_64 0.1.7 5.70 49.57 55.27 OK
r-patched-solaris-x86 0.1.7 99.30 OK
r-release-linux-x86_64 0.1.7 6.41 49.73 56.14 OK
r-release-windows-ix86+x86_64 0.1.7 14.00 67.00 81.00 OK
r-release-osx-x86_64 0.1.7 OK
r-oldrel-windows-ix86+x86_64 0.1.7 10.00 66.00 76.00 ERROR
r-oldrel-osx-x86_64 0.1.7 ERROR

Check Details

Version: 0.1.7
Check: R code for possible problems
Result: NOTE
    raster_alpha: no visible global function definition for 'asplit'
    Undefined global functions or variables:
     asplit
Flavors: r-oldrel-windows-ix86+x86_64, r-oldrel-osx-x86_64

Version: 0.1.7
Check: examples
Result: ERROR
    Running examples in 'plothelper-Ex.R' failed
    The error most likely occurred in:
    
    > ### Name: raster_alpha
    > ### Title: Combine a Matrix of Colors and a Matrix of Alpha Values
    > ### Aliases: raster_alpha
    >
    > ### ** Examples
    >
    > # A color matrix
    > co=c("red", "yellow", "green", "blue")
    > co=rbind(co, co, co)
    > # An alpha matrix
    > alp=c(1, 0.6, 0.3, 0.1)
    > alp=rbind(alp, alp, alp)
    > # Now combine the two
    > result=raster_alpha(co, alp)
    Error in asplit(color, 2) : could not find function "asplit"
    Calls: raster_alpha
    Execution halted
Flavors: r-oldrel-windows-ix86+x86_64, r-oldrel-osx-x86_64