CRAN Package Check Results for Package plotluck

Last updated on 2019-08-25 08:47:31 CEST.

Flavor Version Tinstall Tcheck Ttotal Status Flags
r-devel-linux-x86_64-debian-clang 1.1.1 6.34 148.13 154.47 OK
r-devel-linux-x86_64-debian-gcc 1.1.1 5.10 110.73 115.83 OK
r-devel-linux-x86_64-fedora-clang 1.1.1 177.29 NOTE
r-devel-linux-x86_64-fedora-gcc 1.1.1 176.62 NOTE
r-devel-windows-ix86+x86_64 1.1.1 13.00 148.00 161.00 OK
r-patched-linux-x86_64 1.1.1 6.26 139.79 146.05 OK
r-patched-solaris-x86 1.1.1 255.40 NOTE
r-release-linux-x86_64 1.1.1 6.06 141.54 147.60 OK
r-release-windows-ix86+x86_64 1.1.1 19.00 205.00 224.00 OK
r-release-osx-x86_64 1.1.1 NOTE
r-oldrel-windows-ix86+x86_64 1.1.1 12.00 224.00 236.00 OK
r-oldrel-osx-x86_64 1.1.1 NOTE

Check Details

Version: 1.1.1
Check: dependencies in R code
Result: NOTE
    Namespaces in Imports field not imported from:
     ‘hexbin’ ‘quantreg’
     All declared Imports should be used.
Flavors: r-devel-linux-x86_64-fedora-clang, r-devel-linux-x86_64-fedora-gcc, r-patched-solaris-x86, r-release-osx-x86_64, r-oldrel-osx-x86_64