CRAN Package Check Results for Package plotluck

Last updated on 2018-06-18 00:49:22 CEST.

Flavor Version Tinstall Tcheck Ttotal Status Flags
r-devel-linux-x86_64-debian-clang 1.1.0 3.32 120.15 123.47 OK
r-devel-linux-x86_64-debian-gcc 1.1.0 3.35 106.52 109.87 OK
r-devel-linux-x86_64-fedora-clang 1.1.0 169.81 NOTE
r-devel-linux-x86_64-fedora-gcc 1.1.0 163.62 NOTE
r-devel-windows-ix86+x86_64 1.1.0 11.00 143.00 154.00 OK
r-patched-linux-x86_64 1.1.0 4.88 132.75 137.63 OK
r-patched-solaris-x86 1.1.0 223.40 NOTE
r-release-linux-x86_64 1.1.0 4.00 131.21 135.21 OK
r-release-windows-ix86+x86_64 1.1.0 10.00 149.00 159.00 OK
r-release-osx-x86_64 1.1.0 NOTE
r-oldrel-windows-ix86+x86_64 1.1.0 5.00 230.00 235.00 OK
r-oldrel-osx-x86_64 1.1.0 NOTE

Check Details

Version: 1.1.0
Check: dependencies in R code
Result: NOTE
    Namespaces in Imports field not imported from:
     ‘hexbin’ ‘quantreg’
     All declared Imports should be used.
Flavors: r-devel-linux-x86_64-fedora-clang, r-devel-linux-x86_64-fedora-gcc, r-patched-solaris-x86, r-release-osx-x86_64, r-oldrel-osx-x86_64