CRAN Package Check Results for Package plotluck

Last updated on 2020-01-27 02:47:24 CET.

Flavor Version Tinstall Tcheck Ttotal Status Flags
r-devel-linux-x86_64-debian-clang 1.1.1 6.32 161.27 167.59 OK
r-devel-linux-x86_64-debian-gcc 1.1.1 5.49 119.58 125.07 OK
r-devel-linux-x86_64-fedora-clang 1.1.1 200.14 NOTE
r-devel-linux-x86_64-fedora-gcc 1.1.1 190.48 NOTE
r-devel-windows-ix86+x86_64 1.1.1 23.00 222.00 245.00 OK
r-devel-windows-ix86+x86_64-gcc8 1.1.1 24.00 157.00 181.00 OK
r-patched-linux-x86_64 1.1.1 5.48 144.96 150.44 OK
r-patched-solaris-x86 1.1.1 246.70 NOTE
r-release-linux-x86_64 1.1.1 4.53 145.29 149.82 OK
r-release-windows-ix86+x86_64 1.1.1 10.00 140.00 150.00 OK
r-release-osx-x86_64 1.1.1 NOTE
r-oldrel-windows-ix86+x86_64 1.1.1 8.00 166.00 174.00 OK
r-oldrel-osx-x86_64 1.1.1 NOTE

Check Details

Version: 1.1.1
Check: dependencies in R code
Result: NOTE
    Namespaces in Imports field not imported from:
     ‘hexbin’ ‘quantreg’
     All declared Imports should be used.
Flavors: r-devel-linux-x86_64-fedora-clang, r-devel-linux-x86_64-fedora-gcc, r-patched-solaris-x86, r-release-osx-x86_64, r-oldrel-osx-x86_64