Last updated on 2022-08-12 02:53:44 CEST.
Flavor | Version | Tinstall | Tcheck | Ttotal | Status | Flags |
---|---|---|---|---|---|---|
r-devel-linux-x86_64-debian-clang | 1.1.1 | 8.07 | 191.18 | 199.25 | NOTE | |
r-devel-linux-x86_64-debian-gcc | 1.1.1 | 7.56 | 139.67 | 147.23 | NOTE | |
r-devel-linux-x86_64-fedora-clang | 1.1.1 | 239.79 | NOTE | |||
r-devel-linux-x86_64-fedora-gcc | 1.1.1 | 234.82 | NOTE | |||
r-devel-windows-x86_64 | 1.1.1 | 17.00 | 206.00 | 223.00 | NOTE | |
r-patched-linux-x86_64 | 1.1.1 | 8.80 | 177.47 | 186.27 | NOTE | |
r-release-linux-x86_64 | 1.1.1 | 5.69 | 179.76 | 185.45 | NOTE | |
r-release-macos-arm64 | 1.1.1 | 67.00 | NOTE | |||
r-release-macos-x86_64 | 1.1.1 | 116.00 | NOTE | |||
r-release-windows-x86_64 | 1.1.1 | 25.00 | 218.00 | 243.00 | NOTE | |
r-oldrel-macos-arm64 | 1.1.1 | 94.00 | NOTE | |||
r-oldrel-macos-x86_64 | 1.1.1 | 93.00 | NOTE | |||
r-oldrel-windows-ix86+x86_64 | 1.1.1 | 19.00 | 215.00 | 234.00 | NOTE |
Version: 1.1.1
Check: LazyData
Result: NOTE
'LazyData' is specified without a 'data' directory
Flavors: r-devel-linux-x86_64-debian-clang, r-devel-linux-x86_64-debian-gcc, r-devel-linux-x86_64-fedora-clang, r-devel-linux-x86_64-fedora-gcc, r-devel-windows-x86_64, r-patched-linux-x86_64, r-release-linux-x86_64, r-release-macos-arm64, r-release-macos-x86_64, r-release-windows-x86_64, r-oldrel-macos-arm64, r-oldrel-macos-x86_64, r-oldrel-windows-ix86+x86_64
Version: 1.1.1
Check: dependencies in R code
Result: NOTE
Namespaces in Imports field not imported from:
‘hexbin’ ‘quantreg’
All declared Imports should be used.
Flavors: r-devel-linux-x86_64-fedora-clang, r-devel-linux-x86_64-fedora-gcc, r-release-macos-arm64, r-release-macos-x86_64, r-oldrel-macos-arm64, r-oldrel-macos-x86_64