CRAN Package Check Results for Package plotluck

Last updated on 2018-12-17 15:49:41 CET.

Flavor Version Tinstall Tcheck Ttotal Status Flags
r-devel-linux-x86_64-debian-clang 1.1.0 4.82 2.90 7.72 ERROR
r-devel-linux-x86_64-debian-gcc 1.1.0 3.70 1.82 5.52 ERROR
r-devel-linux-x86_64-fedora-clang 1.1.0 170.81 NOTE
r-devel-linux-x86_64-fedora-gcc 1.1.0 162.73 NOTE
r-devel-windows-ix86+x86_64 1.1.0 14.00 198.00 212.00 WARN
r-patched-linux-x86_64 1.1.0 3.93 3.23 7.16 ERROR
r-patched-solaris-x86 1.1.0 242.00 NOTE
r-release-linux-x86_64 1.1.0 3.82 141.59 145.41 OK
r-release-windows-ix86+x86_64 1.1.0 14.00 203.00 217.00 OK
r-release-osx-x86_64 1.1.0 NOTE
r-oldrel-windows-ix86+x86_64 1.1.0 9.00 234.00 243.00 WARN
r-oldrel-osx-x86_64 1.1.0 NOTE

Check Details

Version: 1.1.0
Check: whether the package can be loaded
Result: ERROR
    Loading this package had a fatal error status code 1
    Loading log:
    Error: package or namespace load failed for ‘plotluck’ in dyn.load(file, DLLpath = DLLpath, ...):
     unable to load shared object ‘/home/hornik/tmp/R.check/r-devel-clang/Work/build/Packages/Rcpp/libs/Rcpp.so’:
     /home/hornik/tmp/R.check/r-devel-clang/Work/build/Packages/Rcpp/libs/Rcpp.so: failed to map segment from shared object
    Execution halted
Flavor: r-devel-linux-x86_64-debian-clang

Version: 1.1.0
Check: whether the package can be loaded
Result: ERROR
    Loading this package had a fatal error status code 1
    Loading log:
    Error: package or namespace load failed for ‘plotluck’ in dyn.load(file, DLLpath = DLLpath, ...):
     unable to load shared object ‘/home/hornik/tmp/R.check/r-devel-gcc/Work/build/Packages/Rcpp/libs/Rcpp.so’:
     /home/hornik/tmp/R.check/r-devel-gcc/Work/build/Packages/Rcpp/libs/Rcpp.so: failed to map segment from shared object
    Execution halted
Flavor: r-devel-linux-x86_64-debian-gcc

Version: 1.1.0
Check: dependencies in R code
Result: NOTE
    Namespaces in Imports field not imported from:
     ‘hexbin’ ‘quantreg’
     All declared Imports should be used.
Flavors: r-devel-linux-x86_64-fedora-clang, r-devel-linux-x86_64-fedora-gcc, r-patched-solaris-x86, r-release-osx-x86_64, r-oldrel-osx-x86_64

Version: 1.1.0
Check: whether package can be installed
Result: WARN
    Found the following significant warnings:
     Warning: S3 methods '[.fun_list', '[.grouped_df', 'all.equal.tbl_df', 'anti_join.data.frame', 'anti_join.tbl_df', 'arrange.data.frame', 'arrange.default', 'arrange.grouped_df', 'arrange.tbl_df', 'arrange_.data.frame', 'arrange_.tbl_df', 'as.data.frame.grouped_df', 'as.data.frame.rowwise_df', 'as.data.frame.tbl_cube', 'as.table.tbl_cube', 'as.tbl.data.frame', 'as.tbl.tbl', 'as.tbl_cube.array', 'as.tbl_cube.data.frame', 'as.tbl_cube.matrix', 'as.tbl_cube.table', 'as_tibble.grouped_df', 'as_tibble.tbl_cube', 'auto_copy.tbl_cube', 'auto_copy.tbl_df', 'cbind.grouped_df', 'collapse.data.frame', 'collect.data.frame', 'common_by.NULL', 'common_by.character', 'common_by.default', 'common_by.list', 'compute.data.frame', 'copy_to.DBIConnection', 'copy_to.src_local', 'default_missing.data.frame', 'default_missing.default', 'dim.tbl_cube', 'distinct.data.frame', 'distinct.default', 'distinct.grouped_df', 'distinct.tbl_df', 'distinct_.data.frame', 'distinct_.grouped_df', 'distinct_.tbl_df', 'do.NULL', 'do.da [... truncated]
Flavors: r-devel-windows-ix86+x86_64, r-oldrel-windows-ix86+x86_64

Version: 1.1.0
Check: whether the package can be loaded
Result: ERROR
    Loading this package had a fatal error status code 1
    Loading log:
    Error: package or namespace load failed for ‘plotluck’ in dyn.load(file, DLLpath = DLLpath, ...):
     unable to load shared object ‘/home/hornik/tmp/R.check/r-patched-gcc/Work/build/Packages/Rcpp/libs/Rcpp.so’:
     /home/hornik/tmp/R.check/r-patched-gcc/Work/build/Packages/Rcpp/libs/Rcpp.so: failed to map segment from shared object
    Execution halted
Flavor: r-patched-linux-x86_64