CRAN Package Check Results for Package plotluck

Last updated on 2018-01-18 19:49:58 CET.

Flavor Version Tinstall Tcheck Ttotal Status Flags
r-devel-linux-x86_64-debian-clang 1.1.0 1.85 154.21 156.06 OK
r-devel-linux-x86_64-debian-gcc 1.1.0 1.49 125.05 126.54 OK
r-devel-linux-x86_64-fedora-clang 1.1.0 191.16 NOTE
r-devel-linux-x86_64-fedora-gcc 1.1.0 182.88 NOTE
r-devel-windows-ix86+x86_64 1.1.0 5.00 157.00 162.00 OK
r-patched-linux-x86_64 1.1.0 2.01 164.92 166.93 OK
r-patched-solaris-x86 1.1.0 249.70 NOTE
r-release-linux-x86_64 1.1.0 1.99 161.83 163.82 OK
r-release-windows-ix86+x86_64 1.1.0 5.00 161.00 166.00 OK
r-release-osx-x86_64 1.1.0 NOTE
r-oldrel-windows-ix86+x86_64 1.1.0 5.00 133.00 138.00 OK
r-oldrel-osx-x86_64 1.1.0 NOTE

Check Details

Version: 1.1.0
Check: dependencies in R code
Result: NOTE
    Namespaces in Imports field not imported from:
     ‘hexbin’ ‘quantreg’
     All declared Imports should be used.
Flavors: r-devel-linux-x86_64-fedora-clang, r-devel-linux-x86_64-fedora-gcc, r-patched-solaris-x86, r-release-osx-x86_64, r-oldrel-osx-x86_64