CRAN Package Check Results for Package pls

Last updated on 2019-08-25 07:46:23 CEST.

Flavor Version Tinstall Tcheck Ttotal Status Flags
r-devel-linux-x86_64-debian-clang 2.7-1 5.93 56.22 62.15 OK
r-devel-linux-x86_64-debian-gcc 2.7-1 5.65 44.38 50.03 OK
r-devel-linux-x86_64-fedora-clang 2.7-1 77.04 OK
r-devel-linux-x86_64-fedora-gcc 2.7-1 75.54 OK
r-devel-windows-ix86+x86_64 2.7-1 9.00 105.00 114.00 OK
r-patched-linux-x86_64 2.7-1 5.50 56.29 61.79 OK
r-patched-solaris-x86 2.7-1 122.00 OK
r-release-linux-x86_64 2.7-1 4.86 55.30 60.16 OK
r-release-windows-ix86+x86_64 2.7-1 8.00 117.00 125.00 OK
r-release-osx-x86_64 2.7-1 NOTE
r-oldrel-windows-ix86+x86_64 2.7-1 23.00 89.00 112.00 OK
r-oldrel-osx-x86_64 2.7-1 NOTE

Check Details

Version: 2.7-1
Check: package dependencies
Result: NOTE
    Package suggested but not available for checking: ‘Rmpi’
Flavors: r-release-osx-x86_64, r-oldrel-osx-x86_64