CRAN Package Check Results for Package plsVarSel

Last updated on 2019-01-22 05:49:23 CET.

Flavor Version Tinstall Tcheck Ttotal Status Flags
r-devel-linux-x86_64-debian-clang 0.9.4 4.80 50.74 55.54 OK
r-devel-linux-x86_64-debian-gcc 0.9.4 4.08 39.42 43.50 OK
r-devel-linux-x86_64-fedora-clang 0.9.4 65.75 OK
r-devel-linux-x86_64-fedora-gcc 0.9.4 61.48 OK
r-devel-windows-ix86+x86_64 0.9.4 11.00 63.00 74.00 OK
r-patched-linux-x86_64 0.9.4 3.73 47.80 51.53 OK
r-patched-solaris-x86 0.9.4 92.60 OK
r-release-linux-x86_64 0.9.4 5.05 47.38 52.43 OK
r-release-windows-ix86+x86_64 0.9.4 12.00 81.00 93.00 OK
r-release-osx-x86_64 0.9.4 NOTE
r-oldrel-windows-ix86+x86_64 0.9.4 9.00 67.00 76.00 OK
r-oldrel-osx-x86_64 0.9.4 NOTE

Check Details

Version: 0.9.4
Check: package dependencies
Result: NOTE
    Package suggested but not available for checking: ‘Rmpi’
Flavors: r-release-osx-x86_64, r-oldrel-osx-x86_64