CRAN Package Check Results for Package plsVarSel

Last updated on 2018-05-26 14:46:43 CEST.

Flavor Version Tinstall Tcheck Ttotal Status Flags
r-devel-linux-x86_64-debian-clang 0.9.4 5.45 51.56 57.01 OK
r-devel-linux-x86_64-debian-gcc 0.9.4 4.33 39.24 43.57 OK
r-devel-linux-x86_64-fedora-clang 0.9.4 66.49 OK
r-devel-linux-x86_64-fedora-gcc 0.9.4 65.62 OK
r-devel-windows-ix86+x86_64 0.9.4 7.00 66.00 73.00 OK
r-patched-linux-x86_64 0.9.4 3.75 46.26 50.01 OK
r-patched-solaris-x86 0.9.4 83.30 OK
r-release-linux-x86_64 0.9.4 3.82 45.76 49.58 OK
r-release-windows-ix86+x86_64 0.9.4 11.00 59.00 70.00 OK
r-release-osx-x86_64 0.9.4 NOTE
r-oldrel-windows-ix86+x86_64 0.9.4 8.00 59.00 67.00 OK
r-oldrel-osx-x86_64 0.9.4 NOTE

Check Details

Version: 0.9.4
Check: package dependencies
Result: NOTE
    Package suggested but not available for checking: ‘Rmpi’
Flavors: r-release-osx-x86_64, r-oldrel-osx-x86_64