CRAN Package Check Results for Package plsVarSel

Last updated on 2018-10-16 09:48:50 CEST.

Flavor Version Tinstall Tcheck Ttotal Status Flags
r-devel-linux-x86_64-debian-clang 0.9.4 5.26 52.41 57.67 OK
r-devel-linux-x86_64-debian-gcc 0.9.4 3.83 40.96 44.79 OK
r-devel-linux-x86_64-fedora-clang 0.9.4 75.76 OK
r-devel-linux-x86_64-fedora-gcc 0.9.4 66.07 OK
r-devel-windows-ix86+x86_64 0.9.4 13.00 76.00 89.00 OK
r-patched-linux-x86_64 0.9.4 4.48 47.70 52.18 OK
r-patched-solaris-x86 0.9.4 86.40 OK
r-release-linux-x86_64 0.9.4 4.18 47.52 51.70 OK
r-release-windows-ix86+x86_64 0.9.4 8.00 86.00 94.00 OK
r-release-osx-x86_64 0.9.4 NOTE
r-oldrel-windows-ix86+x86_64 0.9.4 8.00 69.00 77.00 OK
r-oldrel-osx-x86_64 0.9.4 NOTE

Check Details

Version: 0.9.4
Check: package dependencies
Result: NOTE
    Package suggested but not available for checking: ‘Rmpi’
Flavors: r-release-osx-x86_64, r-oldrel-osx-x86_64