CRAN Package Check Results for Package plsVarSel

Last updated on 2018-02-25 03:55:07 CET.

Flavor Version Tinstall Tcheck Ttotal Status Flags
r-devel-linux-x86_64-debian-clang 0.9.4 5.81 47.65 53.46 OK
r-devel-linux-x86_64-debian-gcc 0.9.4 3.95 35.82 39.77 OK
r-devel-linux-x86_64-fedora-clang 0.9.4 61.60 OK
r-devel-linux-x86_64-fedora-gcc 0.9.4 59.68 OK
r-devel-windows-ix86+x86_64 0.9.4 12.00 73.00 85.00 OK
r-patched-linux-x86_64 0.9.4 1.52 52.22 53.74 OK
r-patched-solaris-x86 0.9.4 73.90 OK
r-release-linux-x86_64 0.9.4 1.81 49.68 51.49 OK
r-release-windows-ix86+x86_64 0.9.4 7.00 79.00 86.00 OK
r-release-osx-x86_64 0.9.4 NOTE
r-oldrel-windows-ix86+x86_64 0.9.4 4.00 75.00 79.00 OK
r-oldrel-osx-x86_64 0.9.4 NOTE

Check Details

Version: 0.9.4
Check: package dependencies
Result: NOTE
    Package suggested but not available for checking: ‘Rmpi’
Flavors: r-release-osx-x86_64, r-oldrel-osx-x86_64