CRAN Package Check Results for Package plsVarSel

Last updated on 2018-08-17 13:46:36 CEST.

Flavor Version Tinstall Tcheck Ttotal Status Flags
r-devel-linux-x86_64-debian-clang 0.9.4 4.03 53.41 57.44 OK
r-devel-linux-x86_64-debian-gcc 0.9.4 4.82 41.67 46.49 OK
r-devel-linux-x86_64-fedora-clang 0.9.4 67.17 OK
r-devel-linux-x86_64-fedora-gcc 0.9.4 66.81 OK
r-devel-windows-ix86+x86_64 0.9.4 12.00 81.00 93.00 OK
r-patched-linux-x86_64 0.9.4 5.27 47.10 52.37 OK
r-patched-solaris-x86 0.9.4 88.20 OK
r-release-linux-x86_64 0.9.4 4.45 47.33 51.78 OK
r-release-windows-ix86+x86_64 0.9.4 10.00 78.00 88.00 OK
r-release-osx-x86_64 0.9.4 NOTE
r-oldrel-windows-ix86+x86_64 0.9.4 8.00 61.00 69.00 OK
r-oldrel-osx-x86_64 0.9.4 NOTE

Check Details

Version: 0.9.4
Check: package dependencies
Result: NOTE
    Package suggested but not available for checking: ‘Rmpi’
Flavors: r-release-osx-x86_64, r-oldrel-osx-x86_64