CRAN Package Check Results for Package pmhtutorial

Last updated on 2024-06-13 15:48:33 CEST.

Flavor Version Tinstall Tcheck Ttotal Status Flags
r-devel-linux-x86_64-debian-clang 1.5 3.58 32.08 35.66 NOTE
r-devel-linux-x86_64-debian-gcc 1.5 2.09 24.27 26.36 NOTE
r-devel-linux-x86_64-fedora-clang 1.5 44.04 NOTE
r-devel-linux-x86_64-fedora-gcc 1.5 41.33 NOTE
r-devel-windows-x86_64 1.5 4.00 47.00 51.00 NOTE
r-patched-linux-x86_64 1.5 2.57 30.38 32.95 NOTE
r-release-linux-x86_64 1.5 3.43 31.46 34.89 NOTE
r-release-macos-arm64 1.5 17.00 NOTE
r-release-macos-x86_64 1.5 25.00 NOTE
r-release-windows-x86_64 1.5 4.00 48.00 52.00 NOTE
r-oldrel-macos-arm64 1.5 19.00 NOTE
r-oldrel-macos-x86_64 1.5 26.00 NOTE
r-oldrel-windows-x86_64 1.5 5.00 49.00 54.00 NOTE

Check Details

Version: 1.5
Check: LazyData
Result: NOTE 'LazyData' is specified without a 'data' directory Flavors: r-devel-linux-x86_64-debian-clang, r-devel-linux-x86_64-debian-gcc, r-devel-linux-x86_64-fedora-clang, r-devel-linux-x86_64-fedora-gcc, r-devel-windows-x86_64, r-patched-linux-x86_64, r-release-linux-x86_64, r-release-macos-arm64, r-release-macos-x86_64, r-release-windows-x86_64, r-oldrel-macos-arm64, r-oldrel-macos-x86_64, r-oldrel-windows-x86_64