CRAN Package Check Results for Package pmml

Last updated on 2019-02-16 13:46:31 CET.

Flavor Version Tinstall Tcheck Ttotal Status Flags
r-devel-linux-x86_64-debian-clang 1.5.7 9.36 69.55 78.91 OK
r-devel-linux-x86_64-debian-gcc 1.5.7 9.24 53.51 62.75 OK
r-devel-linux-x86_64-fedora-clang 1.5.7 93.61 OK
r-devel-linux-x86_64-fedora-gcc 1.5.7 86.08 OK
r-devel-windows-ix86+x86_64 1.5.7 24.00 101.00 125.00 OK
r-patched-linux-x86_64 1.5.7 7.34 64.46 71.80 OK
r-patched-solaris-x86 1.5.7 117.60 NOTE
r-release-linux-x86_64 1.5.7 OK
r-release-windows-ix86+x86_64 1.5.7 12.00 109.00 121.00 OK
r-release-osx-x86_64 1.5.7 OK
r-oldrel-windows-ix86+x86_64 1.5.7 8.00 113.00 121.00 OK
r-oldrel-osx-x86_64 1.5.7 OK

Check Details

Version: 1.5.7
Check: package dependencies
Result: NOTE
    Package suggested but not available for checking: ‘xgboost’
Flavor: r-patched-solaris-x86