Last updated on 2022-06-25 17:51:36 CEST.
Flavor | Version | Tinstall | Tcheck | Ttotal | Status | Flags |
---|---|---|---|---|---|---|
r-devel-linux-x86_64-debian-clang | 1.2.3 | 14.74 | 117.65 | 132.39 | OK | |
r-devel-linux-x86_64-debian-gcc | 1.2.3 | 12.64 | 85.44 | 98.08 | OK | |
r-devel-linux-x86_64-fedora-clang | 1.2.3 | 159.36 | NOTE | |||
r-devel-linux-x86_64-fedora-gcc | 1.2.3 | 159.58 | NOTE | |||
r-devel-windows-x86_64 | 1.2.3 | 47.00 | 143.00 | 190.00 | OK | |
r-patched-linux-x86_64 | 1.2.3 | 12.64 | 107.63 | 120.27 | OK | |
r-release-linux-x86_64 | 1.2.3 | 9.85 | 108.71 | 118.56 | OK | |
r-release-macos-arm64 | 1.2.3 | 50.00 | NOTE | |||
r-release-macos-x86_64 | 1.2.3 | 77.00 | NOTE | |||
r-release-windows-x86_64 | 1.2.3 | 47.00 | 139.00 | 186.00 | OK | |
r-oldrel-macos-arm64 | 1.2.3 | 49.00 | NOTE | |||
r-oldrel-macos-x86_64 | 1.2.3 | 65.00 | NOTE | |||
r-oldrel-windows-ix86+x86_64 | 1.2.3 | 30.00 | 135.00 | 165.00 | OK |
Version: 1.2.3
Check: dependencies in R code
Result: NOTE
Namespaces in Imports field not imported from:
‘ggrepel’ ‘gridExtra’
All declared Imports should be used.
Flavors: r-devel-linux-x86_64-fedora-clang, r-devel-linux-x86_64-fedora-gcc, r-release-macos-arm64, r-release-macos-x86_64, r-oldrel-macos-arm64, r-oldrel-macos-x86_64