CRAN Package Check Results for Package png

Last updated on 2018-05-24 10:48:25 CEST.

Flavor Version Tinstall Tcheck Ttotal Status Flags
r-devel-linux-x86_64-debian-clang 0.1-7 1.56 13.70 15.26 NOTE
r-devel-linux-x86_64-debian-gcc 0.1-7 1.20 12.95 14.15 NOTE
r-devel-linux-x86_64-fedora-clang 0.1-7 21.45 NOTE
r-devel-linux-x86_64-fedora-gcc 0.1-7 20.18 NOTE
r-devel-windows-ix86+x86_64 0.1-7 17.00 43.00 60.00 OK
r-patched-linux-x86_64 0.1-7 1.63 15.16 16.79 NOTE
r-patched-solaris-x86 0.1-7 33.20 OK
r-release-linux-x86_64 0.1-7 1.61 15.14 16.75 NOTE
r-release-windows-ix86+x86_64 0.1-7 16.00 32.00 48.00 OK
r-release-osx-x86_64 0.1-7 OK
r-oldrel-windows-ix86+x86_64 0.1-7 10.00 28.00 38.00 OK
r-oldrel-osx-x86_64 0.1-7 OK

Additional issues

rchk

Check Details

Version: 0.1-7
Check: compiled code
Result: NOTE
    File ‘png/libs/png.so’:
     Found no calls to: ‘R_registerRoutines’, ‘R_useDynamicSymbols’
    
    It is good practice to register native routines and to disable symbol
    search.
    
    See ‘Writing portable packages’ in the ‘Writing R Extensions’ manual.
Flavors: r-devel-linux-x86_64-debian-clang, r-devel-linux-x86_64-debian-gcc, r-devel-linux-x86_64-fedora-clang, r-devel-linux-x86_64-fedora-gcc, r-patched-linux-x86_64, r-release-linux-x86_64