CRAN Package Check Results for Package png

Last updated on 2018-08-16 22:50:42 CEST.

Flavor Version Tinstall Tcheck Ttotal Status Flags
r-devel-linux-x86_64-debian-clang 0.1-7 1.69 16.68 18.37 NOTE
r-devel-linux-x86_64-debian-gcc 0.1-7 1.16 13.53 14.69 NOTE
r-devel-linux-x86_64-fedora-clang 0.1-7 21.99 NOTE
r-devel-linux-x86_64-fedora-gcc 0.1-7 20.99 NOTE
r-devel-windows-ix86+x86_64 0.1-7 19.00 42.00 61.00 OK
r-patched-linux-x86_64 0.1-7 1.91 15.29 17.20 NOTE
r-patched-solaris-x86 0.1-7 33.90 OK
r-release-linux-x86_64 0.1-7 1.40 15.46 16.86 NOTE
r-release-windows-ix86+x86_64 0.1-7 16.00 32.00 48.00 OK
r-release-osx-x86_64 0.1-7 OK
r-oldrel-windows-ix86+x86_64 0.1-7 10.00 28.00 38.00 OK
r-oldrel-osx-x86_64 0.1-7 OK

Additional issues

rchk

Check Details

Version: 0.1-7
Check: compiled code
Result: NOTE
    File ‘png/libs/png.so’:
     Found no calls to: ‘R_registerRoutines’, ‘R_useDynamicSymbols’
    
    It is good practice to register native routines and to disable symbol
    search.
    
    See ‘Writing portable packages’ in the ‘Writing R Extensions’ manual.
Flavors: r-devel-linux-x86_64-debian-clang, r-devel-linux-x86_64-debian-gcc, r-devel-linux-x86_64-fedora-clang, r-devel-linux-x86_64-fedora-gcc, r-patched-linux-x86_64, r-release-linux-x86_64