CRAN Package Check Results for Package png

Last updated on 2019-01-23 20:48:14 CET.

Flavor Version Tinstall Tcheck Ttotal Status Flags
r-devel-linux-x86_64-debian-clang 0.1-7 2.00 16.61 18.61 OK
r-devel-linux-x86_64-debian-gcc 0.1-7 1.33 13.35 14.68 OK
r-devel-linux-x86_64-fedora-clang 0.1-7 22.54 NOTE
r-devel-linux-x86_64-fedora-gcc 0.1-7 20.66 NOTE
r-devel-windows-ix86+x86_64 0.1-7 17.00 34.00 51.00 OK
r-patched-linux-x86_64 0.1-7 1.58 15.31 16.89 OK
r-patched-solaris-x86 0.1-7 34.70 OK
r-release-linux-x86_64 0.1-7 1.63 15.36 16.99 OK
r-release-windows-ix86+x86_64 0.1-7 9.00 31.00 40.00 OK
r-release-osx-x86_64 0.1-7 OK
r-oldrel-windows-ix86+x86_64 0.1-7 11.00 42.00 53.00 OK
r-oldrel-osx-x86_64 0.1-7 OK

Additional issues

rchk

Check Details

Version: 0.1-7
Check: compiled code
Result: NOTE
    File ‘png/libs/png.so’:
     Found no calls to: ‘R_registerRoutines’, ‘R_useDynamicSymbols’
    
    It is good practice to register native routines and to disable symbol
    search.
    
    See ‘Writing portable packages’ in the ‘Writing R Extensions’ manual.
Flavors: r-devel-linux-x86_64-fedora-clang, r-devel-linux-x86_64-fedora-gcc