CRAN Package Check Results for Package png

Last updated on 2018-10-19 22:49:52 CEST.

Flavor Version Tinstall Tcheck Ttotal Status Flags
r-devel-linux-x86_64-debian-clang 0.1-7 1.92 16.91 18.83 OK
r-devel-linux-x86_64-debian-gcc 0.1-7 1.26 13.68 14.94 OK
r-devel-linux-x86_64-fedora-clang 0.1-7 22.52 NOTE
r-devel-linux-x86_64-fedora-gcc 0.1-7 21.88 NOTE
r-devel-windows-ix86+x86_64 0.1-7 16.00 40.00 56.00 OK
r-patched-linux-x86_64 0.1-7 1.58 15.12 16.70 OK
r-patched-solaris-x86 0.1-7 32.20 OK
r-release-linux-x86_64 0.1-7 1.62 15.41 17.03 OK
r-release-windows-ix86+x86_64 0.1-7 16.00 32.00 48.00 OK
r-release-osx-x86_64 0.1-7 OK
r-oldrel-windows-ix86+x86_64 0.1-7 10.00 28.00 38.00 OK
r-oldrel-osx-x86_64 0.1-7 OK

Additional issues

rchk

Check Details

Version: 0.1-7
Check: compiled code
Result: NOTE
    File ‘png/libs/png.so’:
     Found no calls to: ‘R_registerRoutines’, ‘R_useDynamicSymbols’
    
    It is good practice to register native routines and to disable symbol
    search.
    
    See ‘Writing portable packages’ in the ‘Writing R Extensions’ manual.
Flavors: r-devel-linux-x86_64-fedora-clang, r-devel-linux-x86_64-fedora-gcc