CRAN Package Check Results for Package pnmtrem

Last updated on 2019-09-20 05:47:02 CEST.

Flavor Version Tinstall Tcheck Ttotal Status Flags
r-devel-linux-x86_64-debian-clang 1.3 6.37 29.80 36.17 NOTE
r-devel-linux-x86_64-debian-gcc 1.3 5.03 23.98 29.01 NOTE
r-devel-linux-x86_64-fedora-clang 1.3 45.31 NOTE
r-devel-linux-x86_64-fedora-gcc 1.3 45.53 NOTE
r-devel-windows-ix86+x86_64 1.3 15.00 44.00 59.00 NOTE
r-patched-linux-x86_64 1.3 6.54 29.64 36.18 NOTE
r-patched-solaris-x86 1.3 61.60 NOTE
r-release-linux-x86_64 1.3 5.81 29.97 35.78 NOTE
r-release-windows-ix86+x86_64 1.3 10.00 61.00 71.00 NOTE
r-release-osx-x86_64 1.3 NOTE
r-oldrel-windows-ix86+x86_64 1.3 8.00 70.00 78.00 NOTE
r-oldrel-osx-x86_64 1.3 NOTE

Check Details

Version: 1.3
Check: DESCRIPTION meta-information
Result: NOTE
    Malformed Description field: should contain one or more complete sentences.
Flavors: r-devel-linux-x86_64-debian-clang, r-devel-linux-x86_64-debian-gcc, r-devel-linux-x86_64-fedora-clang, r-devel-linux-x86_64-fedora-gcc, r-devel-windows-ix86+x86_64, r-patched-linux-x86_64, r-patched-solaris-x86, r-release-linux-x86_64, r-release-windows-ix86+x86_64, r-release-osx-x86_64, r-oldrel-windows-ix86+x86_64, r-oldrel-osx-x86_64

Version: 1.3
Check: dependencies in R code
Result: NOTE
    'library' or 'require' call to 'MASS' which was already attached by Depends.
     Please remove these calls from your code.
    Package in Depends field not imported from: 'MASS'
     These packages need to be imported from (in the NAMESPACE file)
     for when this namespace is loaded but not attached.
Flavors: r-devel-linux-x86_64-debian-clang, r-devel-linux-x86_64-debian-gcc, r-devel-linux-x86_64-fedora-clang, r-devel-linux-x86_64-fedora-gcc, r-devel-windows-ix86+x86_64, r-patched-linux-x86_64, r-patched-solaris-x86, r-release-linux-x86_64, r-release-windows-ix86+x86_64, r-release-osx-x86_64, r-oldrel-windows-ix86+x86_64, r-oldrel-osx-x86_64

Version: 1.3
Check: R code for possible problems
Result: NOTE
    pnmtrem1: no visible global function definition for 'pnorm'
    pnmtrem1: no visible global function definition for 'dnorm'
    pnmtrem1: no visible global function definition for 'ginv'
    pnmtrem1 : fun: no visible global function definition for 'pnorm'
    pnmtrem1 : derf: no visible global function definition for 'dnorm'
    pnmtrem1 : derf: no visible global function definition for 'pnorm'
    pnmtrem1 : fun: no visible global function definition for 'dnorm'
    Undefined global functions or variables:
     dnorm ginv pnorm
    Consider adding
     importFrom("stats", "dnorm", "pnorm")
    to your NAMESPACE file.
Flavors: r-devel-linux-x86_64-debian-clang, r-devel-linux-x86_64-debian-gcc, r-devel-linux-x86_64-fedora-clang, r-devel-linux-x86_64-fedora-gcc, r-devel-windows-ix86+x86_64, r-patched-linux-x86_64, r-patched-solaris-x86, r-release-linux-x86_64, r-release-windows-ix86+x86_64, r-release-osx-x86_64, r-oldrel-windows-ix86+x86_64, r-oldrel-osx-x86_64