CRAN Package Check Results for Package pnmtrem

Last updated on 2020-02-27 17:51:05 CET.

Flavor Version Tinstall Tcheck Ttotal Status Flags
r-devel-linux-x86_64-debian-clang 1.3 7.58 32.85 40.43 NOTE
r-devel-linux-x86_64-debian-gcc 1.3 6.58 25.71 32.29 NOTE
r-devel-linux-x86_64-fedora-clang 1.3 48.89 NOTE
r-devel-linux-x86_64-fedora-gcc 1.3 47.96 NOTE
r-devel-windows-ix86+x86_64 1.3 12.00 40.00 52.00 NOTE
r-devel-windows-ix86+x86_64-gcc8 1.3 11.00 43.00 54.00 NOTE
r-patched-linux-x86_64 1.3 5.75 29.72 35.47 NOTE
r-patched-solaris-x86 1.3 61.10 NOTE
r-release-linux-x86_64 1.3 6.29 30.12 36.41 NOTE
r-release-windows-ix86+x86_64 1.3 10.00 40.00 50.00 NOTE
r-release-osx-x86_64 1.3 NOTE
r-oldrel-windows-ix86+x86_64 1.3 8.00 44.00 52.00 NOTE
r-oldrel-osx-x86_64 1.3 NOTE

Check Details

Version: 1.3
Check: DESCRIPTION meta-information
Result: NOTE
    Malformed Description field: should contain one or more complete sentences.
Flavors: r-devel-linux-x86_64-debian-clang, r-devel-linux-x86_64-debian-gcc, r-devel-linux-x86_64-fedora-clang, r-devel-linux-x86_64-fedora-gcc, r-devel-windows-ix86+x86_64, r-devel-windows-ix86+x86_64-gcc8, r-patched-linux-x86_64, r-patched-solaris-x86, r-release-linux-x86_64, r-release-windows-ix86+x86_64, r-release-osx-x86_64, r-oldrel-windows-ix86+x86_64, r-oldrel-osx-x86_64

Version: 1.3
Check: dependencies in R code
Result: NOTE
    'library' or 'require' call to 'MASS' which was already attached by Depends.
     Please remove these calls from your code.
    Package in Depends field not imported from: 'MASS'
     These packages need to be imported from (in the NAMESPACE file)
     for when this namespace is loaded but not attached.
Flavors: r-devel-linux-x86_64-debian-clang, r-devel-linux-x86_64-debian-gcc, r-devel-linux-x86_64-fedora-clang, r-devel-linux-x86_64-fedora-gcc, r-devel-windows-ix86+x86_64, r-devel-windows-ix86+x86_64-gcc8, r-patched-linux-x86_64, r-patched-solaris-x86, r-release-linux-x86_64, r-release-windows-ix86+x86_64, r-release-osx-x86_64, r-oldrel-windows-ix86+x86_64, r-oldrel-osx-x86_64

Version: 1.3
Check: R code for possible problems
Result: NOTE
    pnmtrem1: no visible global function definition for 'pnorm'
    pnmtrem1: no visible global function definition for 'dnorm'
    pnmtrem1: no visible global function definition for 'ginv'
    pnmtrem1 : fun: no visible global function definition for 'pnorm'
    pnmtrem1 : derf: no visible global function definition for 'dnorm'
    pnmtrem1 : derf: no visible global function definition for 'pnorm'
    pnmtrem1 : fun: no visible global function definition for 'dnorm'
    Undefined global functions or variables:
     dnorm ginv pnorm
    Consider adding
     importFrom("stats", "dnorm", "pnorm")
    to your NAMESPACE file.
Flavors: r-devel-linux-x86_64-debian-clang, r-devel-linux-x86_64-debian-gcc, r-devel-linux-x86_64-fedora-clang, r-devel-linux-x86_64-fedora-gcc, r-devel-windows-ix86+x86_64, r-devel-windows-ix86+x86_64-gcc8, r-patched-linux-x86_64, r-patched-solaris-x86, r-release-linux-x86_64, r-release-windows-ix86+x86_64, r-release-osx-x86_64, r-oldrel-windows-ix86+x86_64, r-oldrel-osx-x86_64