CRAN Package Check Results for Package pointblank

Last updated on 2018-05-27 16:50:17 CEST.

Flavor Version Tinstall Tcheck Ttotal Status Flags
r-devel-linux-x86_64-debian-clang 0.2.0 6.87 65.49 72.36 OK
r-devel-linux-x86_64-debian-gcc 0.2.0 5.49 51.18 56.67 OK
r-devel-linux-x86_64-fedora-clang 0.2.0 84.20 OK
r-devel-linux-x86_64-fedora-gcc 0.2.0 80.84 OK
r-devel-windows-ix86+x86_64 0.2.0 12.00 87.00 99.00 OK
r-patched-linux-x86_64 0.2.0 5.80 60.03 65.83 OK
r-patched-solaris-x86 0.2.0 112.40 OK
r-release-linux-x86_64 0.2.0 5.05 59.09 64.14 OK
r-release-windows-ix86+x86_64 0.2.0 21.00 102.00 123.00 OK
r-release-osx-x86_64 0.2.0 OK
r-oldrel-windows-ix86+x86_64 0.2.0 12.00 81.00 93.00 OK
r-oldrel-osx-x86_64 0.1 NOTE

Check Details

Version: 0.1
Check: dependencies in R code
Result: NOTE
    Namespaces in Imports field not imported from:
     ‘Hmisc’ ‘digest’ ‘htmltools’ ‘knitr’ ‘lazyWeave’ ‘lubridate’ ‘rJava’
     All declared Imports should be used.
Flavor: r-oldrel-osx-x86_64