CRAN Package Check Results for Package pointr

Last updated on 2022-12-10 08:53:40 CET.

Flavor Version Tinstall Tcheck Ttotal Status Flags
r-devel-linux-x86_64-debian-clang 0.2.0 1.98 22.03 24.01 NOTE
r-devel-linux-x86_64-debian-gcc 0.2.0 1.25 17.34 18.59 NOTE
r-devel-linux-x86_64-fedora-clang 0.2.0 38.97 NOTE
r-devel-linux-x86_64-fedora-gcc 0.2.0 38.45 NOTE
r-devel-windows-x86_64 0.2.0 3.00 49.00 52.00 NOTE
r-patched-linux-x86_64 0.2.0 1.75 20.78 22.53 NOTE
r-release-linux-x86_64 0.2.0 1.86 20.67 22.53 NOTE
r-release-macos-arm64 0.2.0 20.00 NOTE
r-release-macos-x86_64 0.2.0 19.00 NOTE
r-release-windows-x86_64 0.2.0 7.00 48.00 55.00 NOTE
r-oldrel-macos-arm64 0.2.0 20.00 NOTE
r-oldrel-macos-x86_64 0.2.0 22.00 NOTE
r-oldrel-windows-ix86+x86_64 0.2.0 4.00 46.00 50.00 NOTE

Check Details

Version: 0.2.0
Check: LazyData
Result: NOTE
     'LazyData' is specified without a 'data' directory
Flavors: r-devel-linux-x86_64-debian-clang, r-devel-linux-x86_64-debian-gcc, r-devel-linux-x86_64-fedora-clang, r-devel-linux-x86_64-fedora-gcc, r-devel-windows-x86_64, r-patched-linux-x86_64, r-release-linux-x86_64, r-release-macos-arm64, r-release-macos-x86_64, r-release-windows-x86_64, r-oldrel-macos-arm64, r-oldrel-macos-x86_64, r-oldrel-windows-ix86+x86_64