CRAN Package Check Results for Package pointr

Last updated on 2023-12-05 02:55:25 CET.

Flavor Version Tinstall Tcheck Ttotal Status Flags
r-devel-linux-x86_64-debian-clang 0.2.0 1.98 20.45 22.43 NOTE
r-devel-linux-x86_64-debian-gcc 0.2.0 1.43 16.05 17.48 NOTE
r-devel-linux-x86_64-fedora-clang 0.2.0 28.37 NOTE
r-devel-linux-x86_64-fedora-gcc 0.2.0 26.76 NOTE
r-devel-windows-x86_64 0.2.0 3.00 38.00 41.00 NOTE
r-patched-linux-x86_64 0.2.0 2.19 20.50 22.69 NOTE
r-release-linux-x86_64 0.2.0 1.33 20.50 21.83 NOTE
r-release-macos-arm64 0.2.0 16.00 NOTE
r-release-macos-x86_64 0.2.0 18.00 NOTE
r-release-windows-x86_64 0.2.0 3.00 37.00 40.00 NOTE
r-oldrel-macos-arm64 0.2.0 20.00 NOTE
r-oldrel-macos-x86_64 0.2.0 19.00 NOTE
r-oldrel-windows-x86_64 0.2.0 3.00 46.00 49.00 NOTE

Check Details

Version: 0.2.0
Check: LazyData
Result: NOTE 'LazyData' is specified without a 'data' directory Flavors: r-devel-linux-x86_64-debian-clang, r-devel-linux-x86_64-debian-gcc, r-devel-linux-x86_64-fedora-clang, r-devel-linux-x86_64-fedora-gcc, r-devel-windows-x86_64, r-patched-linux-x86_64, r-release-linux-x86_64, r-release-macos-arm64, r-release-macos-x86_64, r-release-windows-x86_64, r-oldrel-macos-arm64, r-oldrel-macos-x86_64, r-oldrel-windows-x86_64