CRAN Package Check Results for Package polaroid

Last updated on 2021-05-08 04:47:22 CEST.

Flavor Version Tinstall Tcheck Ttotal Status Flags
r-devel-linux-x86_64-debian-clang 0.0.1 2.91 32.21 35.12 NOTE
r-devel-linux-x86_64-debian-gcc 0.0.1 2.28 25.40 27.68 NOTE
r-devel-linux-x86_64-fedora-clang 0.0.1 55.43 NOTE
r-devel-linux-x86_64-fedora-gcc 0.0.1 43.80 NOTE
r-devel-windows-ix86+x86_64 0.0.1 12.00 55.00 67.00 NOTE
r-devel-windows-x86_64-gcc10-UCRT 0.0.1 NOTE
r-patched-linux-x86_64 0.0.1 3.03 31.61 34.64 NOTE
r-patched-solaris-x86 0.0.1 66.90 NOTE
r-release-linux-x86_64 0.0.1 2.98 31.38 34.36 OK
r-release-macos-x86_64 0.0.1 NOTE
r-release-windows-ix86+x86_64 0.0.1 8.00 39.00 47.00 OK
r-oldrel-macos-x86_64 0.0.1 NOTE
r-oldrel-windows-ix86+x86_64 0.0.1 7.00 50.00 57.00 OK

Check Details

Version: 0.0.1
Check: LazyData
Result: NOTE
     'LazyData' is specified without a 'data' directory
Flavors: r-devel-linux-x86_64-debian-clang, r-devel-linux-x86_64-debian-gcc, r-devel-linux-x86_64-fedora-clang, r-devel-linux-x86_64-fedora-gcc, r-devel-windows-ix86+x86_64, r-devel-windows-x86_64-gcc10-UCRT, r-patched-linux-x86_64

Version: 0.0.1
Check: dependencies in R code
Result: NOTE
    Namespaces in Imports field not imported from:
     ‘argonDash’ ‘argonR’ ‘colourpicker’ ‘ggplot2’ ‘grid’ ‘hexSticker’
     ‘png’ ‘shinyWidgets’
     All declared Imports should be used.
Flavors: r-devel-linux-x86_64-fedora-clang, r-devel-linux-x86_64-fedora-gcc, r-devel-windows-x86_64-gcc10-UCRT, r-patched-solaris-x86, r-release-macos-x86_64, r-oldrel-macos-x86_64