CRAN Package Check Results for Package polished

Last updated on 2024-02-24 13:49:33 CET.

Flavor Version Tinstall Tcheck Ttotal Status Flags
r-devel-linux-x86_64-debian-clang 0.8.1 11.25 95.92 107.17 OK
r-devel-linux-x86_64-debian-gcc 0.8.1 9.37 70.89 80.26 OK
r-devel-linux-x86_64-fedora-clang 0.8.1 133.23 NOTE
r-devel-linux-x86_64-fedora-gcc 0.8.1 147.29 OK
r-devel-windows-x86_64 0.8.1 11.00 94.00 105.00 OK
r-patched-linux-x86_64 0.8.1 8.10 91.52 99.62 OK
r-release-linux-x86_64 0.8.1 7.40 90.96 98.36 OK
r-release-macos-arm64 0.8.1 45.00 OK
r-release-macos-x86_64 0.8.1 64.00 OK
r-release-windows-x86_64 0.8.1 16.00 108.00 124.00 OK
r-oldrel-macos-arm64 0.8.1 37.00 OK
r-oldrel-windows-x86_64 0.8.1 19.00 107.00 126.00 OK

Check Details

Version: 0.8.1
Check: package dependencies
Result: NOTE Imports includes 25 non-default packages. Importing from so many packages makes the package vulnerable to any of them becoming unavailable. Move as many as possible to Suggests and use conditionally. Flavor: r-devel-linux-x86_64-fedora-clang