CRAN Package Check Results for Package politicaldata

Last updated on 2019-09-17 00:49:22 CEST.

Flavor Version Tinstall Tcheck Ttotal Status Flags
r-devel-linux-x86_64-debian-clang 0.1.3 1.81 20.29 22.10 OK
r-devel-linux-x86_64-debian-gcc 0.1.3 OK
r-devel-linux-x86_64-fedora-clang 0.1.3 27.59 NOTE
r-devel-linux-x86_64-fedora-gcc 0.1.3 28.64 NOTE
r-devel-windows-ix86+x86_64 0.1.3 7.00 40.00 47.00 OK
r-patched-linux-x86_64 0.1.3 1.58 20.02 21.60 OK
r-patched-solaris-x86 0.1.3 43.70 NOTE
r-release-linux-x86_64 0.1.3 1.57 21.58 23.15 OK
r-release-windows-ix86+x86_64 0.1.3 5.00 64.00 69.00 OK
r-release-osx-x86_64 0.1.3 NOTE
r-oldrel-windows-ix86+x86_64 0.1.3 8.00 54.00 62.00 OK
r-oldrel-osx-x86_64 0.1.3 NOTE

Check Details

Version: 0.1.3
Check: data for non-ASCII characters
Result: NOTE
     Note: found 9 marked UTF-8 strings
Flavors: r-devel-linux-x86_64-fedora-clang, r-devel-linux-x86_64-fedora-gcc, r-patched-solaris-x86, r-release-osx-x86_64, r-oldrel-osx-x86_64